{"id":11,"date":"2018-08-05T19:20:02","date_gmt":"2018-08-05T17:20:02","guid":{"rendered":"https:\/\/www.plattsalat.de\/bioladen-west\/?page_id=11"},"modified":"2020-11-05T14:51:19","modified_gmt":"2020-11-05T13:51:19","slug":"anders-einkaufen","status":"publish","type":"page","link":"https:\/\/www.plattsalat.de\/bioladen-west\/anders-einkaufen\/","title":{"rendered":"Anders einkaufen"},"content":{"rendered":"<div  class='avia-slideshow av-kgs4m5yo-f3f6c744a75d90d8189bf3d2e8f25c97 avia-slideshow-featured av_slideshow avia-slide-slider  avia-builder-el-0  el_before_av_one_full  avia-builder-el-first  av-slideshow-ui av-control-default av-slideshow-manual av-loop-once av-loop-manual-endless av-default-height-applied avia-slideshow-1' data-slideshow-options=\"{&quot;animation&quot;:&quot;slide&quot;,&quot;autoplay&quot;:false,&quot;loop_autoplay&quot;:&quot;once&quot;,&quot;interval&quot;:5,&quot;loop_manual&quot;:&quot;manual-endless&quot;,&quot;autoplay_stopper&quot;:false,&quot;noNavigation&quot;:false,&quot;bg_slider&quot;:false,&quot;keep_padding&quot;:false,&quot;hoverpause&quot;:false,&quot;show_slide_delay&quot;:0}\"  itemprop=\"image\" itemscope=\"itemscope\" itemtype=\"https:\/\/schema.org\/ImageObject\" ><ul class='avia-slideshow-inner ' style='padding-bottom: 25%;'><li  class='avia-slideshow-slide av-kgs4m5yo-f3f6c744a75d90d8189bf3d2e8f25c97__0  av-single-slide slide-1 slide-odd'><div data-rel='slideshow-1' class='avia-slide-wrap '   ><img decoding=\"async\" fetchpriority=\"high\" class=\"wp-image-251 avia-img-lazy-loading-not-251\"  src=\"https:\/\/www.plattsalat.de\/bioladen-west\/wp-content\/uploads\/sites\/3\/2018\/09\/WL7T9729x2.jpg\" width=\"1440\" height=\"360\" title='WL7T9729x2' alt=''  itemprop=\"thumbnailUrl\" srcset=\"https:\/\/www.plattsalat.de\/bioladen-west\/wp-content\/uploads\/sites\/3\/2018\/09\/WL7T9729x2.jpg 1440w, https:\/\/www.plattsalat.de\/bioladen-west\/wp-content\/uploads\/sites\/3\/2018\/09\/WL7T9729x2-300x75.jpg 300w, https:\/\/www.plattsalat.de\/bioladen-west\/wp-content\/uploads\/sites\/3\/2018\/09\/WL7T9729x2-768x192.jpg 768w, https:\/\/www.plattsalat.de\/bioladen-west\/wp-content\/uploads\/sites\/3\/2018\/09\/WL7T9729x2-1030x258.jpg 1030w, https:\/\/www.plattsalat.de\/bioladen-west\/wp-content\/uploads\/sites\/3\/2018\/09\/WL7T9729x2-705x176.jpg 705w, https:\/\/www.plattsalat.de\/bioladen-west\/wp-content\/uploads\/sites\/3\/2018\/09\/WL7T9729x2-450x113.jpg 450w\" sizes=\"(max-width: 1440px) 100vw, 1440px\" \/><\/div><\/li><\/ul><\/div>\n\n<style type=\"text\/css\" data-created_by=\"avia_inline_auto\" id=\"style-css-av-ut1b-8421e80f37ee8ec3e946ef300f2251ec\">\n.flex_column.av-ut1b-8421e80f37ee8ec3e946ef300f2251ec{\nborder-radius:0px 0px 0px 0px;\npadding:0px 0px 0px 0px;\n}\n<\/style>\n<div  class='flex_column av-ut1b-8421e80f37ee8ec3e946ef300f2251ec av_one_full  avia-builder-el-1  el_after_av_slideshow  avia-builder-el-last  first flex_column_div av-zero-column-padding  '     ><p>\n<style type=\"text\/css\" data-created_by=\"avia_inline_auto\" id=\"style-css-av-av_heading-f45b4f3162cc25c5a8106d895700fd45\">\n#top .av-special-heading.av-av_heading-f45b4f3162cc25c5a8106d895700fd45{\npadding-bottom:10px;\n}\nbody .av-special-heading.av-av_heading-f45b4f3162cc25c5a8106d895700fd45 .av-special-heading-tag .heading-char{\nfont-size:25px;\n}\n.av-special-heading.av-av_heading-f45b4f3162cc25c5a8106d895700fd45 .av-subheading{\nfont-size:15px;\n}\n<\/style>\n<div  class='av-special-heading av-av_heading-f45b4f3162cc25c5a8106d895700fd45 av-special-heading-h2  avia-builder-el-2  el_before_av_textblock  avia-builder-el-first '><h2 class='av-special-heading-tag '  itemprop=\"headline\"  >der Einkauf ist eine politische Handlung<\/h2><div class=\"special-heading-border\"><div class=\"special-heading-inner-border\"><\/div><\/div><\/div><br \/>\n<section  class='av_textblock_section av-jm0uv59j-0225b65e24720b80af5f1fad9abc8df6 '   itemscope=\"itemscope\" itemtype=\"https:\/\/schema.org\/CreativeWork\" ><div class='avia_textblock'  itemprop=\"text\" ><p>Der Bioladen plattsalat steht f\u00fcr ein b\u00e4uerliche, \u00f6kologische Landwirtschaft und gesundes Essen f\u00fcr alle. Mehr noch. Als selbstverwalteter Bioladen machen wir uns unabh\u00e4ngig von den gro\u00dfen Handelskonzernen und Biosupermarktketten und wir unterst\u00fctzen andere kleinere Akteure, die auch so \u00e4hnlich arbeiten wie wir.<\/p>\n<p>Wir folgen den Interessen der Menschen, statt Konzernen zu mehr Macht zu verhelfen.<\/p>\n<h2>Einkaufen geht auch ganz anders<\/h2>\n<p>Wir sind eine Verbrauchergemeinschaft, die nicht auf Gewinn ausgerichtet ist, sondern die die Waren f\u00fcr die Mitglieder mit einem kleinen festgelegten Aufschlag so an die Mitglieder verkauft, dass am Ende eine schwarze Null herauskommt. Durch die Mitgliedsbeitr\u00e4ge in den L\u00e4den entsteht eine verl\u00e4ssliche Finanzierung. Daher k\u00f6nnen wir viel st\u00e4rker umsatzunabh\u00e4ngig arbeiten als andere L\u00e4den und uns ganz nach den W\u00fcnschen der Mitglieder richten.<\/p>\n<p>Wir bieten alle Waren des t\u00e4glichen Bedarfs an \u2013 biologisch, regional und zu fairen Preisen.<\/p>\n<h2>Wir arbeiten nicht gewinnorientiert<\/h2>\n<p>Die L\u00e4den geh\u00f6ren allen Mitgliedern. Sie bestimmen mit, wie wir arbeiten, was in unseren Regalen steht und bei welchen Herstellern wir einkaufen. Unsere Mitarbeiter im Laden sind auch alle Mitglieder bei plattsalat. Sie sorgen zum Teil seit \u00fcber 20 Jahren daf\u00fcr, dass diese Art des Wirtschaftens m\u00f6glich wird.<\/p>\n<p>Weil wir nicht gewinnorientiert arbeiten, k\u00f6nnen sich bei uns auch Menschen mit geringem Einkommen Bio leisten.<\/p>\n<h2>Ihr wollt mehr wissen?<\/h2>\n<p>Hier geht es zu:<\/p>\n<ul>\n<li><a href=\"https:\/\/www.plattsalat.de\/bioladen-west\/anders-einkaufen\/stressfrei-einkaufen\/#top\">warum es Spa\u00df macht bei plattsalat einzukaufen<\/a><\/li>\n<li><a href=\"https:\/\/www.plattsalat.de\/bioladen-west\/anders-einkaufen\/produkte\/\">unserem Sortiment<\/a><\/li>\n<li><a href=\"https:\/\/www.plattsalat.de\/bioladen-west\/anders-einkaufen\/lose-waren\/\">unverpackt im plattsalat<\/a><\/li>\n<li><a href=\"https:\/\/www.plattsalat.de\/bioladen-west\/anders-einkaufen\/kriterien\/\">den Kriterien f\u00fcr unsere Produktauswahl<\/a><\/li>\n<li><a href=\"https:\/\/www.plattsalat.de\/bioladen-west\/anders-einkaufen\/biosiegel\/\">einer \u00dcbersicht und kurzen Erkl\u00e4rung der wichtigsten Biosiegel in Deutschland<\/a><\/li>\n<li><a href=\"https:\/\/www.plattsalat.de\/bioladen-west\/anders-einkaufen\/kita\/\">unserem Lieferservice f\u00fcr Schulen und Kitas<\/a><\/li>\n<li><a href=\"https:\/\/www.plattsalat.de\/bioladen-west\/anders-einkaufen\/lieferanten\/\">einer \u00dcbersicht \u00fcber unsere Lieferanten<\/a><\/li>\n<\/ul>\n<\/div><\/section><\/p><\/div>\n","protected":false},"excerpt":{"rendered":"","protected":false},"author":1,"featured_media":0,"parent":0,"menu_order":20,"comment_status":"closed","ping_status":"closed","template":"","meta":{"_crdt_document":"","footnotes":""},"class_list":["post-11","page","type-page","status-publish","hentry"],"_links":{"self":[{"href":"https:\/\/www.plattsalat.de\/bioladen-west\/wp-json\/wp\/v2\/pages\/11","targetHints":{"allow":["GET"]}}],"collection":[{"href":"https:\/\/www.plattsalat.de\/bioladen-west\/wp-json\/wp\/v2\/pages"}],"about":[{"href":"https:\/\/www.plattsalat.de\/bioladen-west\/wp-json\/wp\/v2\/types\/page"}],"author":[{"embeddable":true,"href":"https:\/\/www.plattsalat.de\/bioladen-west\/wp-json\/wp\/v2\/users\/1"}],"replies":[{"embeddable":true,"href":"https:\/\/www.plattsalat.de\/bioladen-west\/wp-json\/wp\/v2\/comments?post=11"}],"version-history":[{"count":23,"href":"https:\/\/www.plattsalat.de\/bioladen-west\/wp-json\/wp\/v2\/pages\/11\/revisions"}],"predecessor-version":[{"id":1934,"href":"https:\/\/www.plattsalat.de\/bioladen-west\/wp-json\/wp\/v2\/pages\/11\/revisions\/1934"}],"wp:attachment":[{"href":"https:\/\/www.plattsalat.de\/bioladen-west\/wp-json\/wp\/v2\/media?parent=11"}],"curies":[{"name":"wp","href":"https:\/\/api.w.org\/{rel}","templated":true}]}}

<div  class='avia-slideshow av-kgs4m5yo-f3f6c744a75d90d8189bf3d2e8f25c97 avia-slideshow-featured av_slideshow avia-slide-slider  avia-builder-el-0  el_before_av_one_full  avia-builder-el-first  av-slideshow-ui av-control-default av-slideshow-manual av-loop-once av-loop-manual-endless av-default-height-applied avia-slideshow-1' data-slideshow-options="{&quot;animation&quot;:&quot;slide&quot;,&quot;autoplay&quot;:false,&quot;loop_autoplay&quot;:&quot;once&quot;,&quot;interval&quot;:5,&quot;loop_manual&quot;:&quot;manual-endless&quot;,&quot;autoplay_stopper&quot;:false,&quot;noNavigation&quot;:false,&quot;bg_slider&quot;:false,&quot;keep_padding&quot;:false,&quot;hoverpause&quot;:false,&quot;show_slide_delay&quot;:0}"  itemprop="image" itemscope="itemscope" itemtype="https://schema.org/ImageObject" ><ul class='avia-slideshow-inner ' style='padding-bottom: 25%;'><li  class='avia-slideshow-slide av-kgs4m5yo-f3f6c744a75d90d8189bf3d2e8f25c97__0  av-single-slide slide-1 slide-odd'><div data-rel='slideshow-1' class='avia-slide-wrap '   ><img decoding="async" fetchpriority="high" class="wp-image-251 avia-img-lazy-loading-not-251"  src="https://www.plattsalat.de/bioladen-west/wp-content/uploads/sites/3/2018/09/WL7T9729x2.jpg" width="1440" height="360" title='WL7T9729x2' alt=''  itemprop="thumbnailUrl" srcset="https://www.plattsalat.de/bioladen-west/wp-content/uploads/sites/3/2018/09/WL7T9729x2.jpg 1440w, https://www.plattsalat.de/bioladen-west/wp-content/uploads/sites/3/2018/09/WL7T9729x2-300x75.jpg 300w, https://www.plattsalat.de/bioladen-west/wp-content/uploads/sites/3/2018/09/WL7T9729x2-768x192.jpg 768w, https://www.plattsalat.de/bioladen-west/wp-content/uploads/sites/3/2018/09/WL7T9729x2-1030x258.jpg 1030w, https://www.plattsalat.de/bioladen-west/wp-content/uploads/sites/3/2018/09/WL7T9729x2-705x176.jpg 705w, https://www.plattsalat.de/bioladen-west/wp-content/uploads/sites/3/2018/09/WL7T9729x2-450x113.jpg 450w" sizes="(max-width: 1440px) 100vw, 1440px" /></div></li></ul></div>

<style type="text/css" data-created_by="avia_inline_auto" id="style-css-av-ut1b-8421e80f37ee8ec3e946ef300f2251ec">
.flex_column.av-ut1b-8421e80f37ee8ec3e946ef300f2251ec{
border-radius:0px 0px 0px 0px;
padding:0px 0px 0px 0px;
}
</style>
<div  class='flex_column av-ut1b-8421e80f37ee8ec3e946ef300f2251ec av_one_full  avia-builder-el-1  el_after_av_slideshow  avia-builder-el-last  first flex_column_div av-zero-column-padding  '     ><p>
<style type="text/css" data-created_by="avia_inline_auto" id="style-css-av-av_heading-f45b4f3162cc25c5a8106d895700fd45">
#top .av-special-heading.av-av_heading-f45b4f3162cc25c5a8106d895700fd45{
padding-bottom:10px;
}
body .av-special-heading.av-av_heading-f45b4f3162cc25c5a8106d895700fd45 .av-special-heading-tag .heading-char{
font-size:25px;
}
.av-special-heading.av-av_heading-f45b4f3162cc25c5a8106d895700fd45 .av-subheading{
font-size:15px;
}
</style>
<div  class='av-special-heading av-av_heading-f45b4f3162cc25c5a8106d895700fd45 av-special-heading-h2  avia-builder-el-2  el_before_av_textblock  avia-builder-el-first '><h2 class='av-special-heading-tag '  itemprop="headline"  >der Einkauf ist eine politische Handlung</h2><div class="special-heading-border"><div class="special-heading-inner-border"></div></div></div><br />
<section  class='av_textblock_section av-jm0uv59j-0225b65e24720b80af5f1fad9abc8df6 '   itemscope="itemscope" itemtype="https://schema.org/CreativeWork" ><div class='avia_textblock'  itemprop="text" ><p>Der Bioladen plattsalat steht für ein bäuerliche, ökologische Landwirtschaft und gesundes Essen für alle. Mehr noch. Als selbstverwalteter Bioladen machen wir uns unabhängig von den großen Handelskonzernen und Biosupermarktketten und wir unterstützen andere kleinere Akteure, die auch so ähnlich arbeiten wie wir.</p>
<p>Wir folgen den Interessen der Menschen, statt Konzernen zu mehr Macht zu verhelfen.</p>
<h2>Einkaufen geht auch ganz anders</h2>
<p>Wir sind eine Verbrauchergemeinschaft, die nicht auf Gewinn ausgerichtet ist, sondern die die Waren für die Mitglieder mit einem kleinen festgelegten Aufschlag so an die Mitglieder verkauft, dass am Ende eine schwarze Null herauskommt. Durch die Mitgliedsbeiträge in den Läden entsteht eine verlässliche Finanzierung. Daher können wir viel stärker umsatzunabhängig arbeiten als andere Läden und uns ganz nach den Wünschen der Mitglieder richten.</p>
<p>Wir bieten alle Waren des täglichen Bedarfs an – biologisch, regional und zu fairen Preisen.</p>
<h2>Wir arbeiten nicht gewinnorientiert</h2>
<p>Die Läden gehören allen Mitgliedern. Sie bestimmen mit, wie wir arbeiten, was in unseren Regalen steht und bei welchen Herstellern wir einkaufen. Unsere Mitarbeiter im Laden sind auch alle Mitglieder bei plattsalat. Sie sorgen zum Teil seit über 20 Jahren dafür, dass diese Art des Wirtschaftens möglich wird.</p>
<p>Weil wir nicht gewinnorientiert arbeiten, können sich bei uns auch Menschen mit geringem Einkommen Bio leisten.</p>
<h2>Ihr wollt mehr wissen?</h2>
<p>Hier geht es zu:</p>
<ul>
<li><a href="https://www.plattsalat.de/bioladen-west/anders-einkaufen/stressfrei-einkaufen/#top">warum es Spaß macht bei plattsalat einzukaufen</a></li>
<li><a href="https://www.plattsalat.de/bioladen-west/anders-einkaufen/produkte/">unserem Sortiment</a></li>
<li><a href="https://www.plattsalat.de/bioladen-west/anders-einkaufen/lose-waren/">unverpackt im plattsalat</a></li>
<li><a href="https://www.plattsalat.de/bioladen-west/anders-einkaufen/kriterien/">den Kriterien für unsere Produktauswahl</a></li>
<li><a href="https://www.plattsalat.de/bioladen-west/anders-einkaufen/biosiegel/">einer Übersicht und kurzen Erklärung der wichtigsten Biosiegel in Deutschland</a></li>
<li><a href="https://www.plattsalat.de/bioladen-west/anders-einkaufen/kita/">unserem Lieferservice für Schulen und Kitas</a></li>
<li><a href="https://www.plattsalat.de/bioladen-west/anders-einkaufen/lieferanten/">einer Übersicht über unsere Lieferanten</a></li>
</ul>
</div></section></p></div>
