{"id":2007,"date":"2022-12-03T10:10:50","date_gmt":"2022-12-03T09:10:50","guid":{"rendered":"https:\/\/www.plattsalat.de\/bioladen-west\/?page_id=2007"},"modified":"2022-12-03T10:11:16","modified_gmt":"2022-12-03T09:11:16","slug":"mitgliedschaft","status":"publish","type":"page","link":"https:\/\/www.plattsalat.de\/bioladen-west\/mitmachen\/mitgliedschaft\/","title":{"rendered":"Mitgliedschaft"},"content":{"rendered":"<div id='av-layout-grid-1'  class='av-layout-grid-container av-av_layout_row-f535683623cdf79a63578809738e4a34 entry-content-wrapper main_color av-flex-cells  avia-builder-el-0  avia-builder-el-no-sibling   container_wrap sidebar_right'  >\n<div class='flex_cell av-av_cell_two_third-9049ca77cd381b8eb45853defb5676d4 av-gridrow-cell av_two_third no_margin  avia-builder-el-1  el_before_av_cell_one_third  avia-builder-el-first '  ><div class='flex_cell_inner'><section  class='av_textblock_section av-lb7poj6v-f4dfa84237a34194fcc36bdf12ac2b79 '   itemscope=\"itemscope\" itemtype=\"https:\/\/schema.org\/CreativeWork\" ><div class='avia_textblock'  itemprop=\"text\" ><h1><b>Warum sollte ich bei Plattsalat Mitglied werden?<\/b><\/h1>\n<p><b>Du machst Dich unabh\u00e4ngig von Superm\u00e4rkten und Discountern und genie\u00dft das gute Gef\u00fchl im vereinseigenen Laden einzukaufen. Und Du bist Teil einer aktiven Stadtteil-Gemeinschaft.<\/b><\/p>\n<ul>\n<li>Ihr k\u00f6nnt vorschlagen und mitbestimmen, welche Produkte im Laden sind und bei welchen Herstellern wir kaufen<\/li>\n<li>Ihr k\u00f6nnt stressfrei Einkaufen, weil hier jeder Zeit hat<\/li>\n<li>Man f\u00fchlt sich mit Kindern willkommen<\/li>\n<li>Ihr k\u00f6nnt viele Bio-Waren bedeutend g\u00fcnstiger bekommen<\/li>\n<li>Produkte die nicht im Laden verkauft werden, k\u00f6nnen trotzdem bestellt werden<\/li>\n<li>Ihr findet bei uns viel mehr fair gehandelte und regionale Waren als in anderen Bio-L\u00e4den, insbesondere den Superm\u00e4rkten und Discountern.<\/li>\n<li>Ihr k\u00f6nnt mitbestimmen, was der Verein macht<\/li>\n<li>Ihr k\u00f6nnt mit uns gemeinsam lernen, wie man kooperativ miteinander arbeitet<\/li>\n<li>Ihr k\u00f6nnt auf ein gro\u00dfes Netzwerk von interessanten Menschen zur\u00fcckgreifen<\/li>\n<\/ul>\n<h2><b>Mitgliedsbeitr\u00e4ge pro Monat<\/b><\/h2>\n<p>Kinder im Haushalt kosten pauschal 5 Euro, egal ob ein Kind oder mehrere Kinder. Mit der Anzahl der Personen pro Haushalt sind die erwachsenen Personen gemeint. Kinder z\u00e4hlen als Kinder-Mitglieder, sobald sie ein Jahr alt sind bis sie eigenes Geld verdienen oder gerne auch k\u00fcrzer, wenn Ihr vorher schon den Beitrag auf voll aufstocken k\u00f6nnt.<\/p>\n<ul>\n<li>Ein-Personen-Haushalt ohne\/plus Kinder:<br \/>\nEUR 22 \/ EUR 27<\/li>\n<li>2-Personen-Haushalt ohne\/plus Kinder:<br \/>\nEUR 42 \/ EUR 47<\/li>\n<li>3-Personen-Haushalt ohne\/plus Kinder:<br \/>\nEUR 60 \/ EUR 65<\/li>\n<\/ul>\n<h3><b>Sozial-Satz -&gt; weniger bezahlen<\/b><\/h3>\n<p>F\u00fcr Menschen, die reell kein Geld haben, gibt es die M\u00f6glichkeit eines reduzierten Satzes von 6 \u20ac pro Person.<\/p>\n<h3>Soli-Beitrag -&gt; mehr bezahlen<\/h3>\n<p>F\u00fcr Menschen, bei denen es mit dem Geld nicht so knapp ist, bieten wir den <b>Soli-Beitrag<\/b><b> <\/b>an. JedeR kann selbst entscheiden, um wie viel sie\/er ihren Beitrag erh\u00f6hen will. So k\u00f6nnen andere, bei denen es sehr knapp zugeht, weniger bezahlen.<\/p>\n<h3><b>Gruppen und Organisationen<\/b><\/h3>\n<p>k\u00f6nnen ebenfalls Mitglied werden. Statt einem festen Mitgliedsbeitrag ergibt sich der Mitgliedsbeitrag aus einem 10% Aufschlag auf die Eink\u00e4ufe.<\/p>\n<h3><b>Nur im Verein Mitglied werden<\/b><\/h3>\n<p>Wenn Ihr nicht in einem der L\u00e4den zu Mitgliederpreisen einkaufen wollt, sondern nur dem gemeinn\u00fctzigen Verein plattsalat e.V. beitreten wollt, so ist das mit dem gleichen Antragsformular (siehe unten) m\u00f6glich. Zur Zeit ist die Mitgliedschaft im Verein kostenfrei.\u00a0Den Antrag k\u00f6nnt Ihr in einem der L\u00e4den vorbeibringen oder per Post schicken an<\/p>\n<p>plattsalat West UG<br \/>\nGutenbergstra\u00dfe 77a<br \/>\n70197 Stuttgart<\/p>\n<\/div><\/section><br \/>\n<section  class='av_textblock_section av-lb7prxak-9229ea3236bc2e8324b7ba043d6a38e9 '   itemscope=\"itemscope\" itemtype=\"https:\/\/schema.org\/CreativeWork\" ><div class='avia_textblock'  itemprop=\"text\" ><h3>Probemitgliedschaft<\/h3>\n<p>Wir bieten auch eine 4-w\u00f6chige Probemitgliedschaft an, mit der Du erst einmal ohne Bindung und Aufwand ausprobieren kannst, ob Dir Plattsalat schmeckt<\/p>\n<p><a href=\"https:\/\/www.plattsalat.de\/bioladen-west\/mitmachen\/probemitgliedschaft\/\">Ich will erst einmal Probemitglied werden<\/a><\/p>\n<h3>Du willst Mitglied werden?<\/h3>\n<p>Dann komm einfach im Laden vorbei und hole Dir den Mitgliedsantrag oder f\u00fclle ihn gleich vor Ort aus.<\/p>\n<\/div><\/section><\/p>\n<\/div><\/div><div class='flex_cell av-av_cell_one_third-9049ca77cd381b8eb45853defb5676d4 av-gridrow-cell av_one_third no_margin  avia-builder-el-4  el_after_av_cell_two_third  avia-builder-el-last '  ><div class='flex_cell_inner'><\/div><\/div><\/div>\n","protected":false},"excerpt":{"rendered":"","protected":false},"author":13,"featured_media":0,"parent":1996,"menu_order":0,"comment_status":"closed","ping_status":"closed","template":"","meta":{"_crdt_document":"","footnotes":""},"class_list":["post-2007","page","type-page","status-publish","hentry"],"_links":{"self":[{"href":"https:\/\/www.plattsalat.de\/bioladen-west\/wp-json\/wp\/v2\/pages\/2007","targetHints":{"allow":["GET"]}}],"collection":[{"href":"https:\/\/www.plattsalat.de\/bioladen-west\/wp-json\/wp\/v2\/pages"}],"about":[{"href":"https:\/\/www.plattsalat.de\/bioladen-west\/wp-json\/wp\/v2\/types\/page"}],"author":[{"embeddable":true,"href":"https:\/\/www.plattsalat.de\/bioladen-west\/wp-json\/wp\/v2\/users\/13"}],"replies":[{"embeddable":true,"href":"https:\/\/www.plattsalat.de\/bioladen-west\/wp-json\/wp\/v2\/comments?post=2007"}],"version-history":[{"count":2,"href":"https:\/\/www.plattsalat.de\/bioladen-west\/wp-json\/wp\/v2\/pages\/2007\/revisions"}],"predecessor-version":[{"id":2009,"href":"https:\/\/www.plattsalat.de\/bioladen-west\/wp-json\/wp\/v2\/pages\/2007\/revisions\/2009"}],"up":[{"embeddable":true,"href":"https:\/\/www.plattsalat.de\/bioladen-west\/wp-json\/wp\/v2\/pages\/1996"}],"wp:attachment":[{"href":"https:\/\/www.plattsalat.de\/bioladen-west\/wp-json\/wp\/v2\/media?parent=2007"}],"curies":[{"name":"wp","href":"https:\/\/api.w.org\/{rel}","templated":true}]}}

<div id='av-layout-grid-1'  class='av-layout-grid-container av-av_layout_row-f535683623cdf79a63578809738e4a34 entry-content-wrapper main_color av-flex-cells  avia-builder-el-0  avia-builder-el-no-sibling   container_wrap sidebar_right'  >
<div class='flex_cell av-av_cell_two_third-9049ca77cd381b8eb45853defb5676d4 av-gridrow-cell av_two_third no_margin  avia-builder-el-1  el_before_av_cell_one_third  avia-builder-el-first '  ><div class='flex_cell_inner'><section  class='av_textblock_section av-lb7poj6v-f4dfa84237a34194fcc36bdf12ac2b79 '   itemscope="itemscope" itemtype="https://schema.org/CreativeWork" ><div class='avia_textblock'  itemprop="text" ><h1><b>Warum sollte ich bei Plattsalat Mitglied werden?</b></h1>
<p><b>Du machst Dich unabhängig von Supermärkten und Discountern und genießt das gute Gefühl im vereinseigenen Laden einzukaufen. Und Du bist Teil einer aktiven Stadtteil-Gemeinschaft.</b></p>
<ul>
<li>Ihr könnt vorschlagen und mitbestimmen, welche Produkte im Laden sind und bei welchen Herstellern wir kaufen</li>
<li>Ihr könnt stressfrei Einkaufen, weil hier jeder Zeit hat</li>
<li>Man fühlt sich mit Kindern willkommen</li>
<li>Ihr könnt viele Bio-Waren bedeutend günstiger bekommen</li>
<li>Produkte die nicht im Laden verkauft werden, können trotzdem bestellt werden</li>
<li>Ihr findet bei uns viel mehr fair gehandelte und regionale Waren als in anderen Bio-Läden, insbesondere den Supermärkten und Discountern.</li>
<li>Ihr könnt mitbestimmen, was der Verein macht</li>
<li>Ihr könnt mit uns gemeinsam lernen, wie man kooperativ miteinander arbeitet</li>
<li>Ihr könnt auf ein großes Netzwerk von interessanten Menschen zurückgreifen</li>
</ul>
<h2><b>Mitgliedsbeiträge pro Monat</b></h2>
<p>Kinder im Haushalt kosten pauschal 5 Euro, egal ob ein Kind oder mehrere Kinder. Mit der Anzahl der Personen pro Haushalt sind die erwachsenen Personen gemeint. Kinder zählen als Kinder-Mitglieder, sobald sie ein Jahr alt sind bis sie eigenes Geld verdienen oder gerne auch kürzer, wenn Ihr vorher schon den Beitrag auf voll aufstocken könnt.</p>
<ul>
<li>Ein-Personen-Haushalt ohne/plus Kinder:<br />
EUR 22 / EUR 27</li>
<li>2-Personen-Haushalt ohne/plus Kinder:<br />
EUR 42 / EUR 47</li>
<li>3-Personen-Haushalt ohne/plus Kinder:<br />
EUR 60 / EUR 65</li>
</ul>
<h3><b>Sozial-Satz -&gt; weniger bezahlen</b></h3>
<p>Für Menschen, die reell kein Geld haben, gibt es die Möglichkeit eines reduzierten Satzes von 6 € pro Person.</p>
<h3>Soli-Beitrag -&gt; mehr bezahlen</h3>
<p>Für Menschen, bei denen es mit dem Geld nicht so knapp ist, bieten wir den <b>Soli-Beitrag</b><b> </b>an. JedeR kann selbst entscheiden, um wie viel sie/er ihren Beitrag erhöhen will. So können andere, bei denen es sehr knapp zugeht, weniger bezahlen.</p>
<h3><b>Gruppen und Organisationen</b></h3>
<p>können ebenfalls Mitglied werden. Statt einem festen Mitgliedsbeitrag ergibt sich der Mitgliedsbeitrag aus einem 10% Aufschlag auf die Einkäufe.</p>
<h3><b>Nur im Verein Mitglied werden</b></h3>
<p>Wenn Ihr nicht in einem der Läden zu Mitgliederpreisen einkaufen wollt, sondern nur dem gemeinnützigen Verein plattsalat e.V. beitreten wollt, so ist das mit dem gleichen Antragsformular (siehe unten) möglich. Zur Zeit ist die Mitgliedschaft im Verein kostenfrei. Den Antrag könnt Ihr in einem der Läden vorbeibringen oder per Post schicken an</p>
<p>plattsalat West UG<br />
Gutenbergstraße 77a<br />
70197 Stuttgart</p>
</div></section><br />
<section  class='av_textblock_section av-lb7prxak-9229ea3236bc2e8324b7ba043d6a38e9 '   itemscope="itemscope" itemtype="https://schema.org/CreativeWork" ><div class='avia_textblock'  itemprop="text" ><h3>Probemitgliedschaft</h3>
<p>Wir bieten auch eine 4-wöchige Probemitgliedschaft an, mit der Du erst einmal ohne Bindung und Aufwand ausprobieren kannst, ob Dir Plattsalat schmeckt</p>
<p><a href="https://www.plattsalat.de/bioladen-west/mitmachen/probemitgliedschaft/">Ich will erst einmal Probemitglied werden</a></p>
<h3>Du willst Mitglied werden?</h3>
<p>Dann komm einfach im Laden vorbei und hole Dir den Mitgliedsantrag oder fülle ihn gleich vor Ort aus.</p>
</div></section></p>
</div></div><div class='flex_cell av-av_cell_one_third-9049ca77cd381b8eb45853defb5676d4 av-gridrow-cell av_one_third no_margin  avia-builder-el-4  el_after_av_cell_two_third  avia-builder-el-last '  ><div class='flex_cell_inner'></div></div></div>
