{"id":23,"date":"2018-08-05T19:20:34","date_gmt":"2018-08-05T17:20:34","guid":{"rendered":"https:\/\/www.plattsalat.de\/bioladen-west\/?page_id=23"},"modified":"2020-10-23T11:19:20","modified_gmt":"2020-10-23T09:19:20","slug":"kriterien","status":"publish","type":"page","link":"https:\/\/www.plattsalat.de\/bioladen-west\/anders-einkaufen\/kriterien\/","title":{"rendered":"Produktkriterien"},"content":{"rendered":"<div  class='avia-slideshow av-tkg3-77d3ef85c63f40e58bba7406718d52ba avia-slideshow-featured av_slideshow avia-slide-slider  avia-builder-el-0  el_before_av_textblock  avia-builder-el-first  av-slideshow-ui av-control-default av-slideshow-autoplay av-loop-endless av-loop-manual-endless av-default-height-applied avia-slideshow-1' data-slideshow-options=\"{&quot;animation&quot;:&quot;slide&quot;,&quot;autoplay&quot;:true,&quot;loop_autoplay&quot;:&quot;endless&quot;,&quot;interval&quot;:4,&quot;loop_manual&quot;:&quot;manual-endless&quot;,&quot;autoplay_stopper&quot;:false,&quot;noNavigation&quot;:false,&quot;bg_slider&quot;:false,&quot;keep_padding&quot;:false,&quot;hoverpause&quot;:false,&quot;show_slide_delay&quot;:0}\"  itemprop=\"image\" itemscope=\"itemscope\" itemtype=\"https:\/\/schema.org\/ImageObject\" ><ul class='avia-slideshow-inner ' style='padding-bottom: 25.017869907076%;'><li  class='avia-slideshow-slide av-tkg3-77d3ef85c63f40e58bba7406718d52ba__1  slide-1 slide-odd'><div data-rel='slideshow-1' class='avia-slide-wrap '   ><img decoding=\"async\" fetchpriority=\"high\" class=\"wp-image-486 avia-img-lazy-loading-not-486\"  src=\"https:\/\/www.plattsalat.de\/bioladen-west\/wp-content\/uploads\/sites\/3\/2019\/01\/WL7T9657x2.jpg\" width=\"1399\" height=\"350\" title='WL7T9657x2' alt=''  itemprop=\"thumbnailUrl\" srcset=\"https:\/\/www.plattsalat.de\/bioladen-west\/wp-content\/uploads\/sites\/3\/2019\/01\/WL7T9657x2.jpg 1399w, https:\/\/www.plattsalat.de\/bioladen-west\/wp-content\/uploads\/sites\/3\/2019\/01\/WL7T9657x2-300x75.jpg 300w, https:\/\/www.plattsalat.de\/bioladen-west\/wp-content\/uploads\/sites\/3\/2019\/01\/WL7T9657x2-768x192.jpg 768w, https:\/\/www.plattsalat.de\/bioladen-west\/wp-content\/uploads\/sites\/3\/2019\/01\/WL7T9657x2-1030x258.jpg 1030w, https:\/\/www.plattsalat.de\/bioladen-west\/wp-content\/uploads\/sites\/3\/2019\/01\/WL7T9657x2-705x176.jpg 705w, https:\/\/www.plattsalat.de\/bioladen-west\/wp-content\/uploads\/sites\/3\/2019\/01\/WL7T9657x2-450x113.jpg 450w\" sizes=\"(max-width: 1399px) 100vw, 1399px\" \/><\/div><\/li><li  class='avia-slideshow-slide av-tkg3-77d3ef85c63f40e58bba7406718d52ba__2  slide-2 slide-even'><div data-rel='slideshow-1' class='avia-slide-wrap '   ><img decoding=\"async\" fetchpriority=\"high\" class=\"wp-image-252 avia-img-lazy-loading-not-252\"  src=\"https:\/\/www.plattsalat.de\/bioladen-west\/wp-content\/uploads\/sites\/3\/2018\/09\/WL7T9792x2.jpg\" width=\"1399\" height=\"350\" title='WL7T9792x2' alt=''  itemprop=\"thumbnailUrl\" srcset=\"https:\/\/www.plattsalat.de\/bioladen-west\/wp-content\/uploads\/sites\/3\/2018\/09\/WL7T9792x2.jpg 1399w, https:\/\/www.plattsalat.de\/bioladen-west\/wp-content\/uploads\/sites\/3\/2018\/09\/WL7T9792x2-300x75.jpg 300w, https:\/\/www.plattsalat.de\/bioladen-west\/wp-content\/uploads\/sites\/3\/2018\/09\/WL7T9792x2-768x192.jpg 768w, https:\/\/www.plattsalat.de\/bioladen-west\/wp-content\/uploads\/sites\/3\/2018\/09\/WL7T9792x2-1030x258.jpg 1030w, https:\/\/www.plattsalat.de\/bioladen-west\/wp-content\/uploads\/sites\/3\/2018\/09\/WL7T9792x2-705x176.jpg 705w, https:\/\/www.plattsalat.de\/bioladen-west\/wp-content\/uploads\/sites\/3\/2018\/09\/WL7T9792x2-450x113.jpg 450w\" sizes=\"(max-width: 1399px) 100vw, 1399px\" \/><\/div><\/li><li  class='avia-slideshow-slide av-tkg3-77d3ef85c63f40e58bba7406718d52ba__3  slide-3 slide-odd'><div data-rel='slideshow-1' class='avia-slide-wrap '   ><img decoding=\"async\" fetchpriority=\"high\" class=\"wp-image-117 avia-img-lazy-loading-not-117\"  src=\"https:\/\/www.plattsalat.de\/bioladen-west\/wp-content\/uploads\/sites\/3\/2018\/08\/PS-057_1-1500x430.jpg\" width=\"1500\" height=\"430\" title='OLYMPUS DIGITAL CAMERA' alt=''  itemprop=\"thumbnailUrl\"   \/><\/div><\/li><\/ul><div class='avia-slideshow-arrows avia-slideshow-controls' ><a href='#prev' class='prev-slide  avia-svg-icon avia-font-svg_entypo-fontello' data-av_svg_icon='left-open-big' data-av_iconset='svg_entypo-fontello' tabindex='-1' title=\"Zur\u00fcck\"><svg version=\"1.1\" xmlns=\"http:\/\/www.w3.org\/2000\/svg\" width=\"15\" height=\"32\" viewBox=\"0 0 15 32\" preserveAspectRatio=\"xMidYMid meet\" aria-labelledby='av-svg-title-1' aria-describedby='av-svg-desc-1' role=\"graphics-symbol\" aria-hidden=\"true\">\n<title id='av-svg-title-1'>Zur\u00fcck<\/title>\n<desc id='av-svg-desc-1'>Zur\u00fcck<\/desc>\n<path d=\"M14.464 27.84q0.832 0.832 0 1.536-0.832 0.832-1.536 0l-12.544-12.608q-0.768-0.768 0-1.6l12.544-12.608q0.704-0.832 1.536 0 0.832 0.704 0 1.536l-11.456 11.904z\"><\/path>\n<\/svg><span class='avia_hidden_link_text'>Zur\u00fcck<\/span><\/a><a href='#next' class='next-slide  avia-svg-icon avia-font-svg_entypo-fontello' data-av_svg_icon='right-open-big' data-av_iconset='svg_entypo-fontello' tabindex='-1' title=\"Weiter\"><svg version=\"1.1\" xmlns=\"http:\/\/www.w3.org\/2000\/svg\" width=\"15\" height=\"32\" viewBox=\"0 0 15 32\" preserveAspectRatio=\"xMidYMid meet\" aria-labelledby='av-svg-title-2' aria-describedby='av-svg-desc-2' role=\"graphics-symbol\" aria-hidden=\"true\">\n<title id='av-svg-title-2'>Weiter<\/title>\n<desc id='av-svg-desc-2'>Weiter<\/desc>\n<path d=\"M0.416 27.84l11.456-11.84-11.456-11.904q-0.832-0.832 0-1.536 0.832-0.832 1.536 0l12.544 12.608q0.768 0.832 0 1.6l-12.544 12.608q-0.704 0.832-1.536 0-0.832-0.704 0-1.536z\"><\/path>\n<\/svg><span class='avia_hidden_link_text'>Weiter<\/span><\/a><\/div><div class='avia-slideshow-dots avia-slideshow-controls'><a href='#1' class='goto-slide active' >1<\/a><a href='#2' class='goto-slide ' >2<\/a><a href='#3' class='goto-slide ' >3<\/a><\/div><\/div>\n<section  class='av_textblock_section av-jrj20q8s-720458717408f4c7750332ed06c2b019 '   itemscope=\"itemscope\" itemtype=\"https:\/\/schema.org\/CreativeWork\" ><div class='avia_textblock'  itemprop=\"text\" ><h4>Wir wollen eine andere Wirtschaft<\/h4>\n<p>Wir wollen eine gerechtere Welt, die sozial und \u00f6kologisch wieder besser funktioniert. Dazu braucht es unserer Meinung nach eine komplette Umstellung der weltweiten Landwirtschaft auf Bio und es braucht einen kompletten Umbau unseres Wirtschafts- und Anreizsystems. Wir brauchen nicht gr\u00f6\u00dfere, sondern kleinere Betriebe, vom Landwirt \u00fcber den Verarbeiter, den Gro\u00dfh\u00e4ndler\/Logistiker bis zum Einzelh\u00e4ndler. Alles sollte so kleinr\u00e4umig und regional wie m\u00f6glich organisiert sein und Betriebe sollten nicht gr\u00f6\u00dfer als n\u00f6tig sein.<\/p>\n<p>Nat\u00fcrlich sollten dabei alle in der ganzen Handelskette gut entlohnt werden.<\/p>\n<h4><b>B<\/b><b>io muss sein.\u00a0<\/b><\/h4>\n<p>Dies bedeutet vor allem einen \u00f6kologischen, nachhaltigen und Ressourcen schonenden Umgang bei der Erzeugung und Weiterverarbeitung von Lebensmitteln und Naturwaren. Dazu z\u00e4hlen auch eine schonende Tierhaltung und der Respekt vor allen Lebewesen und Pflanzen sowie der \u00f6kologische Umgang mit Ressourcen und Energie. Wir sind daher auch strikt gegen eine gentechnische Ver\u00e4nderung von Lebensmitteln.<\/p>\n<h4><b>Kleine Ausnahmen sind erlaubt<\/b><\/h4>\n<p>Wir machen eigentlich keine Ausnahmen, weil wir es handelspolitisch f\u00fcr wichtig halten, dass es verl\u00e4ssliche Zertifizierungen gibt. F\u00fcr Ausnahmen muss es einen sehr guten Grund geben und der kann nicht sein, dass einem Erzeuger der Aufwand oder die Kosten f\u00fcr die Zertifizierung zu hoch ist.<\/p>\n<h4><b>Regional geht vor.<\/b><\/h4>\n<p>Die F\u00f6rderung kleiner und regionaler Hersteller, sowie die Vermeidung langer Transportwege ist uns wichtig. Darum ziehen wir Erzeugnisse von kleinen und mittelst\u00e4ndischen Bio-Produzenten aus der Region vor.<\/p>\n<h4>Fair in der gesamten Handelskette<\/h4>\n<p>Das ist ein Ziel, das leider am schwersten umzusetzen ist, weil es dieses Angebot praktisch nicht gibt. Wir wollen nicht nur faire Erzeugerbezahlung, wie es der &#8222;Faire Handel&#8220; macht, sondern auch faire Bezahlung und Behandlung f\u00fcr die Weiterverarbeitet, die Logistiker und im Einzelhandel. Davon sind wir noch weit entfernt, leider wissen wir oft nur wenig \u00fcber die Akteure, die die Produkte erzeugt und geliefert haben.<\/p>\n<p>Nichtsdestotrotz versuchen wir dazu etwas herauszubekommen und wir versuchen unsere Lieferanten- und Produktauswahl daran zu orientieren.<\/p>\n<p>Viel einfacher w\u00e4re es, wenn alle Akteure GW\u00d6 zertifiziert w\u00e4ren (gemeinwohl\u00f6konomie), so wie wir das vor einigen Jahren getan haben. Aus dem GW\u00d6 Bericht und der Bewertungsmatrix l\u00e4\u00dft sich n\u00e4mlich sehr leicht ablesen, wie ein Partner arbeitet, wo er sehr gemeinwohlf\u00f6rderlich unterwegs ist und wo nicht.<\/p>\n<\/div><\/section>\n","protected":false},"excerpt":{"rendered":"","protected":false},"author":1,"featured_media":0,"parent":11,"menu_order":20,"comment_status":"closed","ping_status":"closed","template":"","meta":{"_crdt_document":"","footnotes":""},"class_list":["post-23","page","type-page","status-publish","hentry"],"_links":{"self":[{"href":"https:\/\/www.plattsalat.de\/bioladen-west\/wp-json\/wp\/v2\/pages\/23","targetHints":{"allow":["GET"]}}],"collection":[{"href":"https:\/\/www.plattsalat.de\/bioladen-west\/wp-json\/wp\/v2\/pages"}],"about":[{"href":"https:\/\/www.plattsalat.de\/bioladen-west\/wp-json\/wp\/v2\/types\/page"}],"author":[{"embeddable":true,"href":"https:\/\/www.plattsalat.de\/bioladen-west\/wp-json\/wp\/v2\/users\/1"}],"replies":[{"embeddable":true,"href":"https:\/\/www.plattsalat.de\/bioladen-west\/wp-json\/wp\/v2\/comments?post=23"}],"version-history":[{"count":12,"href":"https:\/\/www.plattsalat.de\/bioladen-west\/wp-json\/wp\/v2\/pages\/23\/revisions"}],"predecessor-version":[{"id":1224,"href":"https:\/\/www.plattsalat.de\/bioladen-west\/wp-json\/wp\/v2\/pages\/23\/revisions\/1224"}],"up":[{"embeddable":true,"href":"https:\/\/www.plattsalat.de\/bioladen-west\/wp-json\/wp\/v2\/pages\/11"}],"wp:attachment":[{"href":"https:\/\/www.plattsalat.de\/bioladen-west\/wp-json\/wp\/v2\/media?parent=23"}],"curies":[{"name":"wp","href":"https:\/\/api.w.org\/{rel}","templated":true}]}}

<div  class='avia-slideshow av-tkg3-77d3ef85c63f40e58bba7406718d52ba avia-slideshow-featured av_slideshow avia-slide-slider  avia-builder-el-0  el_before_av_textblock  avia-builder-el-first  av-slideshow-ui av-control-default av-slideshow-autoplay av-loop-endless av-loop-manual-endless av-default-height-applied avia-slideshow-1' data-slideshow-options="{&quot;animation&quot;:&quot;slide&quot;,&quot;autoplay&quot;:true,&quot;loop_autoplay&quot;:&quot;endless&quot;,&quot;interval&quot;:4,&quot;loop_manual&quot;:&quot;manual-endless&quot;,&quot;autoplay_stopper&quot;:false,&quot;noNavigation&quot;:false,&quot;bg_slider&quot;:false,&quot;keep_padding&quot;:false,&quot;hoverpause&quot;:false,&quot;show_slide_delay&quot;:0}"  itemprop="image" itemscope="itemscope" itemtype="https://schema.org/ImageObject" ><ul class='avia-slideshow-inner ' style='padding-bottom: 25.017869907076%;'><li  class='avia-slideshow-slide av-tkg3-77d3ef85c63f40e58bba7406718d52ba__1  slide-1 slide-odd'><div data-rel='slideshow-1' class='avia-slide-wrap '   ><img decoding="async" fetchpriority="high" class="wp-image-486 avia-img-lazy-loading-not-486"  src="https://www.plattsalat.de/bioladen-west/wp-content/uploads/sites/3/2019/01/WL7T9657x2.jpg" width="1399" height="350" title='WL7T9657x2' alt=''  itemprop="thumbnailUrl" srcset="https://www.plattsalat.de/bioladen-west/wp-content/uploads/sites/3/2019/01/WL7T9657x2.jpg 1399w, https://www.plattsalat.de/bioladen-west/wp-content/uploads/sites/3/2019/01/WL7T9657x2-300x75.jpg 300w, https://www.plattsalat.de/bioladen-west/wp-content/uploads/sites/3/2019/01/WL7T9657x2-768x192.jpg 768w, https://www.plattsalat.de/bioladen-west/wp-content/uploads/sites/3/2019/01/WL7T9657x2-1030x258.jpg 1030w, https://www.plattsalat.de/bioladen-west/wp-content/uploads/sites/3/2019/01/WL7T9657x2-705x176.jpg 705w, https://www.plattsalat.de/bioladen-west/wp-content/uploads/sites/3/2019/01/WL7T9657x2-450x113.jpg 450w" sizes="(max-width: 1399px) 100vw, 1399px" /></div></li><li  class='avia-slideshow-slide av-tkg3-77d3ef85c63f40e58bba7406718d52ba__2  slide-2 slide-even'><div data-rel='slideshow-1' class='avia-slide-wrap '   ><img decoding="async" fetchpriority="high" class="wp-image-252 avia-img-lazy-loading-not-252"  src="https://www.plattsalat.de/bioladen-west/wp-content/uploads/sites/3/2018/09/WL7T9792x2.jpg" width="1399" height="350" title='WL7T9792x2' alt=''  itemprop="thumbnailUrl" srcset="https://www.plattsalat.de/bioladen-west/wp-content/uploads/sites/3/2018/09/WL7T9792x2.jpg 1399w, https://www.plattsalat.de/bioladen-west/wp-content/uploads/sites/3/2018/09/WL7T9792x2-300x75.jpg 300w, https://www.plattsalat.de/bioladen-west/wp-content/uploads/sites/3/2018/09/WL7T9792x2-768x192.jpg 768w, https://www.plattsalat.de/bioladen-west/wp-content/uploads/sites/3/2018/09/WL7T9792x2-1030x258.jpg 1030w, https://www.plattsalat.de/bioladen-west/wp-content/uploads/sites/3/2018/09/WL7T9792x2-705x176.jpg 705w, https://www.plattsalat.de/bioladen-west/wp-content/uploads/sites/3/2018/09/WL7T9792x2-450x113.jpg 450w" sizes="(max-width: 1399px) 100vw, 1399px" /></div></li><li  class='avia-slideshow-slide av-tkg3-77d3ef85c63f40e58bba7406718d52ba__3  slide-3 slide-odd'><div data-rel='slideshow-1' class='avia-slide-wrap '   ><img decoding="async" fetchpriority="high" class="wp-image-117 avia-img-lazy-loading-not-117"  src="https://www.plattsalat.de/bioladen-west/wp-content/uploads/sites/3/2018/08/PS-057_1-1500x430.jpg" width="1500" height="430" title='OLYMPUS DIGITAL CAMERA' alt=''  itemprop="thumbnailUrl"   /></div></li></ul><div class='avia-slideshow-arrows avia-slideshow-controls' ><a href='#prev' class='prev-slide  avia-svg-icon avia-font-svg_entypo-fontello' data-av_svg_icon='left-open-big' data-av_iconset='svg_entypo-fontello' tabindex='-1' title="Zurück"><svg version="1.1" xmlns="http://www.w3.org/2000/svg" width="15" height="32" viewBox="0 0 15 32" preserveAspectRatio="xMidYMid meet" aria-labelledby='av-svg-title-1' aria-describedby='av-svg-desc-1' role="graphics-symbol" aria-hidden="true">
<title id='av-svg-title-1'>Zurück</title>
<desc id='av-svg-desc-1'>Zurück</desc>
<path d="M14.464 27.84q0.832 0.832 0 1.536-0.832 0.832-1.536 0l-12.544-12.608q-0.768-0.768 0-1.6l12.544-12.608q0.704-0.832 1.536 0 0.832 0.704 0 1.536l-11.456 11.904z"></path>
</svg><span class='avia_hidden_link_text'>Zurück</span></a><a href='#next' class='next-slide  avia-svg-icon avia-font-svg_entypo-fontello' data-av_svg_icon='right-open-big' data-av_iconset='svg_entypo-fontello' tabindex='-1' title="Weiter"><svg version="1.1" xmlns="http://www.w3.org/2000/svg" width="15" height="32" viewBox="0 0 15 32" preserveAspectRatio="xMidYMid meet" aria-labelledby='av-svg-title-2' aria-describedby='av-svg-desc-2' role="graphics-symbol" aria-hidden="true">
<title id='av-svg-title-2'>Weiter</title>
<desc id='av-svg-desc-2'>Weiter</desc>
<path d="M0.416 27.84l11.456-11.84-11.456-11.904q-0.832-0.832 0-1.536 0.832-0.832 1.536 0l12.544 12.608q0.768 0.832 0 1.6l-12.544 12.608q-0.704 0.832-1.536 0-0.832-0.704 0-1.536z"></path>
</svg><span class='avia_hidden_link_text'>Weiter</span></a></div><div class='avia-slideshow-dots avia-slideshow-controls'><a href='#1' class='goto-slide active' >1</a><a href='#2' class='goto-slide ' >2</a><a href='#3' class='goto-slide ' >3</a></div></div>
<section  class='av_textblock_section av-jrj20q8s-720458717408f4c7750332ed06c2b019 '   itemscope="itemscope" itemtype="https://schema.org/CreativeWork" ><div class='avia_textblock'  itemprop="text" ><h4>Wir wollen eine andere Wirtschaft</h4>
<p>Wir wollen eine gerechtere Welt, die sozial und ökologisch wieder besser funktioniert. Dazu braucht es unserer Meinung nach eine komplette Umstellung der weltweiten Landwirtschaft auf Bio und es braucht einen kompletten Umbau unseres Wirtschafts- und Anreizsystems. Wir brauchen nicht größere, sondern kleinere Betriebe, vom Landwirt über den Verarbeiter, den Großhändler/Logistiker bis zum Einzelhändler. Alles sollte so kleinräumig und regional wie möglich organisiert sein und Betriebe sollten nicht größer als nötig sein.</p>
<p>Natürlich sollten dabei alle in der ganzen Handelskette gut entlohnt werden.</p>
<h4><b>B</b><b>io muss sein. </b></h4>
<p>Dies bedeutet vor allem einen ökologischen, nachhaltigen und Ressourcen schonenden Umgang bei der Erzeugung und Weiterverarbeitung von Lebensmitteln und Naturwaren. Dazu zählen auch eine schonende Tierhaltung und der Respekt vor allen Lebewesen und Pflanzen sowie der ökologische Umgang mit Ressourcen und Energie. Wir sind daher auch strikt gegen eine gentechnische Veränderung von Lebensmitteln.</p>
<h4><b>Kleine Ausnahmen sind erlaubt</b></h4>
<p>Wir machen eigentlich keine Ausnahmen, weil wir es handelspolitisch für wichtig halten, dass es verlässliche Zertifizierungen gibt. Für Ausnahmen muss es einen sehr guten Grund geben und der kann nicht sein, dass einem Erzeuger der Aufwand oder die Kosten für die Zertifizierung zu hoch ist.</p>
<h4><b>Regional geht vor.</b></h4>
<p>Die Förderung kleiner und regionaler Hersteller, sowie die Vermeidung langer Transportwege ist uns wichtig. Darum ziehen wir Erzeugnisse von kleinen und mittelständischen Bio-Produzenten aus der Region vor.</p>
<h4>Fair in der gesamten Handelskette</h4>
<p>Das ist ein Ziel, das leider am schwersten umzusetzen ist, weil es dieses Angebot praktisch nicht gibt. Wir wollen nicht nur faire Erzeugerbezahlung, wie es der &#8222;Faire Handel&#8220; macht, sondern auch faire Bezahlung und Behandlung für die Weiterverarbeitet, die Logistiker und im Einzelhandel. Davon sind wir noch weit entfernt, leider wissen wir oft nur wenig über die Akteure, die die Produkte erzeugt und geliefert haben.</p>
<p>Nichtsdestotrotz versuchen wir dazu etwas herauszubekommen und wir versuchen unsere Lieferanten- und Produktauswahl daran zu orientieren.</p>
<p>Viel einfacher wäre es, wenn alle Akteure GWÖ zertifiziert wären (gemeinwohlökonomie), so wie wir das vor einigen Jahren getan haben. Aus dem GWÖ Bericht und der Bewertungsmatrix läßt sich nämlich sehr leicht ablesen, wie ein Partner arbeitet, wo er sehr gemeinwohlförderlich unterwegs ist und wo nicht.</p>
</div></section>
