{"id":41,"date":"2018-08-05T19:21:11","date_gmt":"2018-08-05T17:21:11","guid":{"rendered":"https:\/\/www.plattsalat.de\/bioladen-west\/?page_id=41"},"modified":"2023-11-10T00:02:51","modified_gmt":"2023-11-09T23:02:51","slug":"lose-waren","status":"publish","type":"page","link":"https:\/\/www.plattsalat.de\/bioladen-west\/anders-einkaufen\/lose-waren\/","title":{"rendered":"Unverpackt"},"content":{"rendered":"<div  class='avia-slideshow av-jrj04wqr-a4301b1d1bb11f73ce64a31beba27d1b avia-slideshow-featured_large av_slideshow avia-slide-slider  avia-builder-el-0  el_before_av_textblock  avia-builder-el-first  av-slideshow-ui av-control-default av-slideshow-autoplay av-loop-endless av-loop-manual-endless av-default-height-applied avia-slideshow-1' data-slideshow-options=\"{&quot;animation&quot;:&quot;slide&quot;,&quot;autoplay&quot;:true,&quot;loop_autoplay&quot;:&quot;endless&quot;,&quot;interval&quot;:4,&quot;loop_manual&quot;:&quot;manual-endless&quot;,&quot;autoplay_stopper&quot;:false,&quot;noNavigation&quot;:false,&quot;bg_slider&quot;:false,&quot;keep_padding&quot;:false,&quot;hoverpause&quot;:false,&quot;show_slide_delay&quot;:0}\"  itemprop=\"image\" itemscope=\"itemscope\" itemtype=\"https:\/\/schema.org\/ImageObject\" ><ul class='avia-slideshow-inner ' style='padding-bottom: 49.21875%;'><li  class='avia-slideshow-slide av-jrj04wqr-a4301b1d1bb11f73ce64a31beba27d1b__0  slide-1 slide-odd'><div data-rel='slideshow-1' class='avia-slide-wrap '   ><img decoding=\"async\" fetchpriority=\"high\" class=\"wp-image-236 avia-img-lazy-loading-not-236\"  src=\"https:\/\/www.plattsalat.de\/bioladen-west\/wp-content\/uploads\/sites\/3\/2018\/09\/IMG_3802-1280x630.jpg\" width=\"1280\" height=\"630\" title='IMG_3802' alt=''  itemprop=\"thumbnailUrl\"   \/><\/div><\/li><li  class='avia-slideshow-slide av-jrj04wqr-a4301b1d1bb11f73ce64a31beba27d1b__1  slide-2 slide-even'><div data-rel='slideshow-1' class='avia-slide-wrap '   ><img decoding=\"async\" fetchpriority=\"high\" class=\"wp-image-237 avia-img-lazy-loading-not-237\"  src=\"https:\/\/www.plattsalat.de\/bioladen-west\/wp-content\/uploads\/sites\/3\/2018\/09\/IMG_3803-1280x630.jpg\" width=\"1280\" height=\"630\" title='IMG_3803' alt=''  itemprop=\"thumbnailUrl\"   \/><\/div><\/li><\/ul><div class='avia-slideshow-arrows avia-slideshow-controls' ><a href='#prev' class='prev-slide  avia-svg-icon avia-font-svg_entypo-fontello' data-av_svg_icon='left-open-big' data-av_iconset='svg_entypo-fontello' tabindex='-1' title=\"Zur\u00fcck\"><svg version=\"1.1\" xmlns=\"http:\/\/www.w3.org\/2000\/svg\" width=\"15\" height=\"32\" viewBox=\"0 0 15 32\" preserveAspectRatio=\"xMidYMid meet\" aria-labelledby='av-svg-title-1' aria-describedby='av-svg-desc-1' role=\"graphics-symbol\" aria-hidden=\"true\">\n<title id='av-svg-title-1'>Zur\u00fcck<\/title>\n<desc id='av-svg-desc-1'>Zur\u00fcck<\/desc>\n<path d=\"M14.464 27.84q0.832 0.832 0 1.536-0.832 0.832-1.536 0l-12.544-12.608q-0.768-0.768 0-1.6l12.544-12.608q0.704-0.832 1.536 0 0.832 0.704 0 1.536l-11.456 11.904z\"><\/path>\n<\/svg><span class='avia_hidden_link_text'>Zur\u00fcck<\/span><\/a><a href='#next' class='next-slide  avia-svg-icon avia-font-svg_entypo-fontello' data-av_svg_icon='right-open-big' data-av_iconset='svg_entypo-fontello' tabindex='-1' title=\"Weiter\"><svg version=\"1.1\" xmlns=\"http:\/\/www.w3.org\/2000\/svg\" width=\"15\" height=\"32\" viewBox=\"0 0 15 32\" preserveAspectRatio=\"xMidYMid meet\" aria-labelledby='av-svg-title-2' aria-describedby='av-svg-desc-2' role=\"graphics-symbol\" aria-hidden=\"true\">\n<title id='av-svg-title-2'>Weiter<\/title>\n<desc id='av-svg-desc-2'>Weiter<\/desc>\n<path d=\"M0.416 27.84l11.456-11.84-11.456-11.904q-0.832-0.832 0-1.536 0.832-0.832 1.536 0l12.544 12.608q0.768 0.832 0 1.6l-12.544 12.608q-0.704 0.832-1.536 0-0.832-0.704 0-1.536z\"><\/path>\n<\/svg><span class='avia_hidden_link_text'>Weiter<\/span><\/a><\/div><div class='avia-slideshow-dots avia-slideshow-controls'><a href='#1' class='goto-slide active' >1<\/a><a href='#2' class='goto-slide ' >2<\/a><\/div><\/div>\n<section  class='av_textblock_section av-126yd-d6248e53d1980389c18573e764885181 '   itemscope=\"itemscope\" itemtype=\"https:\/\/schema.org\/CreativeWork\" ><div class='avia_textblock'  itemprop=\"text\" ><div class=\"teaser-text\">\n<h4>Schluss mit dem Verpackungsm\u00fcllberg<\/h4>\n<p>Wir freuen uns sehr \u00fcber die Unverpackt &#8222;Mode&#8220;, weil es seither wieder deutlich einfacher geworden ist, Gro\u00dfgebinde und unverpackte Ware zu bekommen. Vorher war das praktisch verschwunden im Biohandel und teilweise waren unverpackte Waren in gro\u00dfen S\u00e4cken teurer pro Kilo als kleinteilig verpackte &#8211; weil es eine Sonderlogistik f\u00fcr die meisten Hersteller war.<\/p>\n<p>Bei plattsalat ist (und war schon immer) der weitaus gr\u00f6\u00dfte Teil des Umsatzes unverpackt, weil der gr\u00f6\u00dfte Teil unseres Umsatzes Obst, Gem\u00fcse, K\u00e4se und Brot ist. Dazu sind in den letzten Jahren noch Seifen, Shampoos, Wasch- und Putzmittel gekommen, die man selbst abf\u00fcllen kann und einige Getreide, H\u00fclsenfr\u00fcchte, N\u00fcsse, Nudeln, Salz, Pfeffer und andere wechselnde Produkte.<\/p>\n<\/div>\n<p>Das Ganze funktioniert sehr einfach: wer m\u00f6chte, bringt seine eigenen Beutel, Becher oder Sch\u00fcsseln mit. Die eigenen Gef\u00e4\u00dfe werden vor dem Einkauf abgewogen, so dass es nicht n\u00f6tig ist, ein standardisiertes Gef\u00e4\u00df zu kaufen.<\/p>\n<p>Wasch- und Putzmittel sollten allerdings m\u00f6glichst in Originalgebinde abgef\u00fcllt werden wegen der Verwechslungsgefahr &#8211; Allzweckreiniger in der Milchflasche ist keine ganz gute Idee.<\/p>\n<\/div><\/section>\n","protected":false},"excerpt":{"rendered":"","protected":false},"author":1,"featured_media":178,"parent":11,"menu_order":70,"comment_status":"closed","ping_status":"closed","template":"","meta":{"_crdt_document":"","footnotes":""},"class_list":["post-41","page","type-page","status-publish","has-post-thumbnail","hentry"],"_links":{"self":[{"href":"https:\/\/www.plattsalat.de\/bioladen-west\/wp-json\/wp\/v2\/pages\/41","targetHints":{"allow":["GET"]}}],"collection":[{"href":"https:\/\/www.plattsalat.de\/bioladen-west\/wp-json\/wp\/v2\/pages"}],"about":[{"href":"https:\/\/www.plattsalat.de\/bioladen-west\/wp-json\/wp\/v2\/types\/page"}],"author":[{"embeddable":true,"href":"https:\/\/www.plattsalat.de\/bioladen-west\/wp-json\/wp\/v2\/users\/1"}],"replies":[{"embeddable":true,"href":"https:\/\/www.plattsalat.de\/bioladen-west\/wp-json\/wp\/v2\/comments?post=41"}],"version-history":[{"count":14,"href":"https:\/\/www.plattsalat.de\/bioladen-west\/wp-json\/wp\/v2\/pages\/41\/revisions"}],"predecessor-version":[{"id":2279,"href":"https:\/\/www.plattsalat.de\/bioladen-west\/wp-json\/wp\/v2\/pages\/41\/revisions\/2279"}],"up":[{"embeddable":true,"href":"https:\/\/www.plattsalat.de\/bioladen-west\/wp-json\/wp\/v2\/pages\/11"}],"wp:featuredmedia":[{"embeddable":true,"href":"https:\/\/www.plattsalat.de\/bioladen-west\/wp-json\/wp\/v2\/media\/178"}],"wp:attachment":[{"href":"https:\/\/www.plattsalat.de\/bioladen-west\/wp-json\/wp\/v2\/media?parent=41"}],"curies":[{"name":"wp","href":"https:\/\/api.w.org\/{rel}","templated":true}]}}

<div  class='avia-slideshow av-jrj04wqr-a4301b1d1bb11f73ce64a31beba27d1b avia-slideshow-featured_large av_slideshow avia-slide-slider  avia-builder-el-0  el_before_av_textblock  avia-builder-el-first  av-slideshow-ui av-control-default av-slideshow-autoplay av-loop-endless av-loop-manual-endless av-default-height-applied avia-slideshow-1' data-slideshow-options="{&quot;animation&quot;:&quot;slide&quot;,&quot;autoplay&quot;:true,&quot;loop_autoplay&quot;:&quot;endless&quot;,&quot;interval&quot;:4,&quot;loop_manual&quot;:&quot;manual-endless&quot;,&quot;autoplay_stopper&quot;:false,&quot;noNavigation&quot;:false,&quot;bg_slider&quot;:false,&quot;keep_padding&quot;:false,&quot;hoverpause&quot;:false,&quot;show_slide_delay&quot;:0}"  itemprop="image" itemscope="itemscope" itemtype="https://schema.org/ImageObject" ><ul class='avia-slideshow-inner ' style='padding-bottom: 49.21875%;'><li  class='avia-slideshow-slide av-jrj04wqr-a4301b1d1bb11f73ce64a31beba27d1b__0  slide-1 slide-odd'><div data-rel='slideshow-1' class='avia-slide-wrap '   ><img decoding="async" fetchpriority="high" class="wp-image-236 avia-img-lazy-loading-not-236"  src="https://www.plattsalat.de/bioladen-west/wp-content/uploads/sites/3/2018/09/IMG_3802-1280x630.jpg" width="1280" height="630" title='IMG_3802' alt=''  itemprop="thumbnailUrl"   /></div></li><li  class='avia-slideshow-slide av-jrj04wqr-a4301b1d1bb11f73ce64a31beba27d1b__1  slide-2 slide-even'><div data-rel='slideshow-1' class='avia-slide-wrap '   ><img decoding="async" fetchpriority="high" class="wp-image-237 avia-img-lazy-loading-not-237"  src="https://www.plattsalat.de/bioladen-west/wp-content/uploads/sites/3/2018/09/IMG_3803-1280x630.jpg" width="1280" height="630" title='IMG_3803' alt=''  itemprop="thumbnailUrl"   /></div></li></ul><div class='avia-slideshow-arrows avia-slideshow-controls' ><a href='#prev' class='prev-slide  avia-svg-icon avia-font-svg_entypo-fontello' data-av_svg_icon='left-open-big' data-av_iconset='svg_entypo-fontello' tabindex='-1' title="Zurück"><svg version="1.1" xmlns="http://www.w3.org/2000/svg" width="15" height="32" viewBox="0 0 15 32" preserveAspectRatio="xMidYMid meet" aria-labelledby='av-svg-title-1' aria-describedby='av-svg-desc-1' role="graphics-symbol" aria-hidden="true">
<title id='av-svg-title-1'>Zurück</title>
<desc id='av-svg-desc-1'>Zurück</desc>
<path d="M14.464 27.84q0.832 0.832 0 1.536-0.832 0.832-1.536 0l-12.544-12.608q-0.768-0.768 0-1.6l12.544-12.608q0.704-0.832 1.536 0 0.832 0.704 0 1.536l-11.456 11.904z"></path>
</svg><span class='avia_hidden_link_text'>Zurück</span></a><a href='#next' class='next-slide  avia-svg-icon avia-font-svg_entypo-fontello' data-av_svg_icon='right-open-big' data-av_iconset='svg_entypo-fontello' tabindex='-1' title="Weiter"><svg version="1.1" xmlns="http://www.w3.org/2000/svg" width="15" height="32" viewBox="0 0 15 32" preserveAspectRatio="xMidYMid meet" aria-labelledby='av-svg-title-2' aria-describedby='av-svg-desc-2' role="graphics-symbol" aria-hidden="true">
<title id='av-svg-title-2'>Weiter</title>
<desc id='av-svg-desc-2'>Weiter</desc>
<path d="M0.416 27.84l11.456-11.84-11.456-11.904q-0.832-0.832 0-1.536 0.832-0.832 1.536 0l12.544 12.608q0.768 0.832 0 1.6l-12.544 12.608q-0.704 0.832-1.536 0-0.832-0.704 0-1.536z"></path>
</svg><span class='avia_hidden_link_text'>Weiter</span></a></div><div class='avia-slideshow-dots avia-slideshow-controls'><a href='#1' class='goto-slide active' >1</a><a href='#2' class='goto-slide ' >2</a></div></div>
<section  class='av_textblock_section av-126yd-d6248e53d1980389c18573e764885181 '   itemscope="itemscope" itemtype="https://schema.org/CreativeWork" ><div class='avia_textblock'  itemprop="text" ><div class="teaser-text">
<h4>Schluss mit dem Verpackungsmüllberg</h4>
<p>Wir freuen uns sehr über die Unverpackt &#8222;Mode&#8220;, weil es seither wieder deutlich einfacher geworden ist, Großgebinde und unverpackte Ware zu bekommen. Vorher war das praktisch verschwunden im Biohandel und teilweise waren unverpackte Waren in großen Säcken teurer pro Kilo als kleinteilig verpackte &#8211; weil es eine Sonderlogistik für die meisten Hersteller war.</p>
<p>Bei plattsalat ist (und war schon immer) der weitaus größte Teil des Umsatzes unverpackt, weil der größte Teil unseres Umsatzes Obst, Gemüse, Käse und Brot ist. Dazu sind in den letzten Jahren noch Seifen, Shampoos, Wasch- und Putzmittel gekommen, die man selbst abfüllen kann und einige Getreide, Hülsenfrüchte, Nüsse, Nudeln, Salz, Pfeffer und andere wechselnde Produkte.</p>
</div>
<p>Das Ganze funktioniert sehr einfach: wer möchte, bringt seine eigenen Beutel, Becher oder Schüsseln mit. Die eigenen Gefäße werden vor dem Einkauf abgewogen, so dass es nicht nötig ist, ein standardisiertes Gefäß zu kaufen.</p>
<p>Wasch- und Putzmittel sollten allerdings möglichst in Originalgebinde abgefüllt werden wegen der Verwechslungsgefahr &#8211; Allzweckreiniger in der Milchflasche ist keine ganz gute Idee.</p>
</div></section>
