{"id":150,"date":"2018-08-15T19:05:38","date_gmt":"2018-08-15T17:05:38","guid":{"rendered":"https:\/\/www.plattsalat.de\/verein\/?page_id=150"},"modified":"2024-12-19T15:47:05","modified_gmt":"2024-12-19T14:47:05","slug":"startseite","status":"publish","type":"page","link":"https:\/\/www.plattsalat.de\/verein\/","title":{"rendered":"plattsalat e.V."},"content":{"rendered":"<div id='full_slider_1'  class='avia-fullwidth-slider main_color avia-shadow   avia-builder-el-0  el_before_av_three_fifth  avia-builder-el-first   container_wrap sidebar_right'  ><div  class='avia-slideshow av-jkve2lxf-e13be8b83d280a70e68030a7b8c884b3 avia-slideshow-featured av_slideshow_full avia-slide-slider av-slideshow-ui av-control-default av-slideshow-manual av-loop-once av-loop-manual-endless av-default-height-applied   avia-slideshow-1' data-slideshow-options=\"{&quot;animation&quot;:&quot;slide&quot;,&quot;autoplay&quot;:false,&quot;loop_autoplay&quot;:&quot;once&quot;,&quot;interval&quot;:5,&quot;loop_manual&quot;:&quot;manual-endless&quot;,&quot;autoplay_stopper&quot;:false,&quot;noNavigation&quot;:false,&quot;bg_slider&quot;:false,&quot;keep_padding&quot;:false,&quot;hoverpause&quot;:false,&quot;show_slide_delay&quot;:0}\"  itemprop=\"image\" itemscope=\"itemscope\" itemtype=\"https:\/\/schema.org\/ImageObject\" ><ul class='avia-slideshow-inner ' style='padding-bottom: 28.666666666667%;'><li  class='avia-slideshow-slide av-jkve2lxf-e13be8b83d280a70e68030a7b8c884b3__0  av-single-slide slide-1 slide-odd'><div data-rel='slideshow-1' class='avia-slide-wrap '   ><img decoding=\"async\" fetchpriority=\"high\" class=\"wp-image-157 avia-img-lazy-loading-not-157\"  src=\"https:\/\/www.plattsalat.de\/verein\/wp-content\/uploads\/sites\/2\/2018\/08\/unnamed-1500x430.jpg\" width=\"1500\" height=\"430\" title='unnamed' alt=''  itemprop=\"thumbnailUrl\"   \/><\/div><\/li><\/ul><\/div><\/div><div id='after_full_slider_1'  class='main_color av_default_container_wrap container_wrap sidebar_right'  ><div class='container av-section-cont-open' ><div class='template-page content  av-content-small alpha units'><div class='post-entry post-entry-type-page post-entry-150'><div class='entry-content-wrapper clearfix'>\n\n<style type=\"text\/css\" data-created_by=\"avia_inline_auto\" id=\"style-css-av-cjpou-bac37724f5f4f269cc4661aa385351c9\">\n.flex_column.av-cjpou-bac37724f5f4f269cc4661aa385351c9{\nborder-radius:0px 0px 0px 0px;\npadding:0px 0px 0px 0px;\n}\n<\/style>\n<div  class='flex_column av-cjpou-bac37724f5f4f269cc4661aa385351c9 av_three_fifth  avia-builder-el-1  el_after_av_slideshow_full  el_before_av_two_fifth  avia-builder-el-first  first flex_column_div av-zero-column-padding  '     ><section  class='av_textblock_section av-k7t3stm8-fee489d60a729a972bd62bd7dd826bb0 '   itemscope=\"itemscope\" itemtype=\"https:\/\/schema.org\/CreativeWork\" ><div class='avia_textblock'  itemprop=\"text\" ><h1 class=\"Normal\">Was ist plattsalat?<\/h1>\n<p class=\"Normal\">plattsalat wurde 1998 mit der Idee gegr\u00fcndet, den regionalen Bioanbau zu f\u00f6rdern &amp; Bioprodukte auch f\u00fcr sozial schw\u00e4cher gestellte Menschen verf\u00fcgbar zu machen. Au\u00dferdem wollten wir eine andere Art des Wirtschaftens praktizieren: selbstbestimmt, umsatzunabh\u00e4ngig und fair auch gegen\u00fcber den Erzeugern.<\/p>\n<p>Dazu wurde ein gemeinn\u00fctziger Verein gegr\u00fcndet, der mittlerweile etwa 700 Mitglieder in und um Stuttgart hat.<\/p>\n<p>Zur Zeit gibt es zwei eigenst\u00e4ndige L\u00e4den, die nicht mehr vom Verein gef\u00fchrt werden, sondern jeweils eigene Unternehmergesellschaften (UG) sind, die dem Verein geh\u00f6ren. Mittels einer speziellen UG-Satzung wird das Recht der Mitglieder auf Mitbestimmung sichergestellt.<\/p>\n<p>Bis 2013 war plattsalat west ein reiner Mitgliederladen, jetzt sind alle plattsalat L\u00e4den auch offen f\u00fcr Nichtmitglieder. Nicht-Mitglieder kaufen zu &#8222;normalen&#8220; Bioladenpreisen ein, Mitglieder bezahlen die g\u00fcnstigeren Mitgliederpreise.<\/p>\n<p>Der Verein k\u00fcmmert sich um die F\u00f6rderung von regionalem Bioanbau und fairen Handelsbedingungen, wir machen Verbraucherberatung, halten Kochkurse und wir f\u00fchren viele Veranstaltungen zu Themen rund um Bioanbau, Verarbeitung, Vermarktung und Ern\u00e4hrung durch.<\/p>\n<p>In Kurzform k\u00f6nnt Ihr hier nachschauen, was wir 2008 zu plattsalat &#8211; damals noch im alten Laden in der Bismarckstrasse &#8211; zu sagen hatten:<\/p>\n<div style=\"width: 640px;\" class=\"wp-video\"><video class=\"wp-video-shortcode\" id=\"video-150-1\" width=\"640\" height=\"288\" preload=\"metadata\" controls=\"controls\"><source type=\"video\/mp4\" src=\"https:\/\/www.plattsalat.de\/verein\/wp-content\/uploads\/sites\/2\/2020\/03\/Plattsalat.123-1.mp4?_=1\" \/><a href=\"https:\/\/www.plattsalat.de\/verein\/wp-content\/uploads\/sites\/2\/2020\/03\/Plattsalat.123-1.mp4\">https:\/\/www.plattsalat.de\/verein\/wp-content\/uploads\/sites\/2\/2020\/03\/Plattsalat.123-1.mp4<\/a><\/video><\/div>\n<\/div><\/section><\/div>\n\n<style type=\"text\/css\" data-created_by=\"avia_inline_auto\" id=\"style-css-av-155t0u-4be0483508f5ad5e60d92b3dd7d4bde3\">\n.flex_column.av-155t0u-4be0483508f5ad5e60d92b3dd7d4bde3{\nborder-radius:0px 0px 0px 0px;\npadding:0px 0px 0px 0px;\n}\n<\/style>\n<div  class='flex_column av-155t0u-4be0483508f5ad5e60d92b3dd7d4bde3 av_two_fifth  avia-builder-el-3  el_after_av_three_fifth  avia-builder-el-last  flex_column_div av-zero-column-padding  '     ><div  id=\"avia-timeline-1\"  class='avia-timeline-container av-k7t3qyws-ef3d924f157c18736a1a6a190e437c7a av-slideshow-ui  avia-builder-el-4  avia-builder-el-no-sibling ' ><ul class='avia-timeline avia-timeline-vertical av-milestone-placement-alternate avia-timeline- avia_animate_when_almost_visible avia-timeline-animate'>\n<li  class='av-milestone av-dwrw6-5e7ad594234fc07503cb03ffb8fbf1c3 av-animated-generic fade-in av-milestone-valign-baseline av-milestone-odd'><h2 class='av-milestone-date ' id='milestone-1998' ><strong>1998<span class='av-milestone-indicator'><\/span><\/strong><\/h2><div class=\"av-milestone-icon-wrap\"><span class='av-milestone-icon milestone_icon avia-font-entypo-fontello'><span class='av-milestone-icon-inner milestone_inner'><i class='milestone-char avia-iconfont avia-font-entypo-fontello' data-av_icon='\ue841' data-av_iconfont='entypo-fontello' ><\/i><\/span><\/span><\/div><article class='av-milestone-content-wrap'><div class='av-milestone-contentbox'><header class=\"entry-content-header\" aria-label=\"Milestone: Gr\u00fcndung\"><h4 class='av-milestone-title '>Gr\u00fcndung<\/h4><\/header><div class='av-milestone-content'><\/div><\/div><footer class='av-milestone-article-footer entry-footer'><\/footer><\/article><\/li>\n<li  class='av-milestone av-bk2ie-d2cc66cc2e9ae2a5cf35e5d56fb13b06 av-animated-generic fade-in av-milestone-valign-baseline av-milestone-even'><article class='av-milestone-content-wrap'><div class='av-milestone-contentbox'><header class=\"entry-content-header\" aria-label=\"Milestone: Er\u00f6ffnung Plattsalat Kernen\"><h4 class='av-milestone-title '>Er\u00f6ffnung Plattsalat Kernen<\/h4><\/header><div class='av-milestone-content'><\/div><\/div><footer class='av-milestone-article-footer entry-footer'><\/footer><\/article><div class=\"av-milestone-icon-wrap\"><span class='av-milestone-icon milestone_icon avia-font-entypo-fontello'><span class='av-milestone-icon-inner milestone_inner'><i class='milestone-char avia-iconfont avia-font-entypo-fontello' data-av_icon='\ue841' data-av_iconfont='entypo-fontello' ><\/i><\/span><\/span><\/div><h2 class='av-milestone-date ' id='milestone-2011' ><strong>2011<span class='av-milestone-indicator'><\/span><\/strong><\/h2><\/li>\n<li  class='av-milestone av-72s6m-1a86dda7e7790119cf07cdb4bf5cdad1 av-animated-generic fade-in av-milestone-valign-baseline av-milestone-odd'><h2 class='av-milestone-date ' id='milestone-2013' ><a href='https:\/\/www.plattsalat.de\/news\/2013\/02\/07\/plattsalat-west-zieht-um\/'  title=\"Plattsalat West zieht um\" aria-label=\"Plattsalat West zieht um\">2013<span class='av-milestone-indicator'><\/span><\/a><\/h2><a class='av-milestone-icon-wrap' href='https:\/\/www.plattsalat.de\/news\/2013\/02\/07\/plattsalat-west-zieht-um\/'  title=\"Plattsalat West zieht um\" aria-label=\"Plattsalat West zieht um\"><span class='av-milestone-icon milestone_icon avia-font-entypo-fontello'><span class='av-milestone-icon-inner milestone_inner'><i class='milestone-char avia-iconfont avia-font-entypo-fontello' data-av_icon='\ue842' data-av_iconfont='entypo-fontello' ><\/i><\/span><\/span><\/a><article class='av-milestone-content-wrap'><div class='av-milestone-contentbox'><header class=\"entry-content-header\" aria-label=\"Milestone: Plattsalat West zieht um\"><h4 class='av-milestone-title '><a href='https:\/\/www.plattsalat.de\/news\/2013\/02\/07\/plattsalat-west-zieht-um\/'  title=\"Plattsalat West zieht um\" aria-label=\"Plattsalat West zieht um\">Plattsalat West zieht um<\/a><\/h4><\/header><div class='av-milestone-content'><\/div><\/div><footer class='av-milestone-article-footer entry-footer'><\/footer><\/article><\/li>\n<li  class='av-milestone av-m4vff2pm-1d97546b044d6ff297478899818b2949 av-animated-generic fade-in av-milestone-valign-baseline av-milestone-even'><article class='av-milestone-content-wrap'><div class='av-milestone-contentbox'><header class=\"entry-content-header\" aria-label=\"Milestone: Er\u00f6ffnung Wandel.Handel Plattsalat Ost\"><h4 class='av-milestone-title '>Er\u00f6ffnung Wandel.Handel Plattsalat Ost<\/h4><\/header><div class='av-milestone-content'><\/div><\/div><footer class='av-milestone-article-footer entry-footer'><\/footer><\/article><div class=\"av-milestone-icon-wrap\"><span class='av-milestone-icon milestone_icon avia-font-entypo-fontello'><span class='av-milestone-icon-inner milestone_inner'><i class='milestone-char avia-iconfont avia-font-entypo-fontello' data-av_icon='\ue800' data-av_iconfont='entypo-fontello' ><\/i><\/span><\/span><\/div><h2 class='av-milestone-date ' id='milestone-2021' ><strong>2021<span class='av-milestone-indicator'><\/span><\/strong><\/h2><\/li>\n<li  class='av-milestone av-8898m-4d1ac97b93fdeb52de79078a9028a40d av-animated-generic fade-in av-milestone-valign-baseline av-milestone-odd'><h2 class='av-milestone-date ' id='milestone-2023' ><a href='https:\/\/www.plattsalat.de\/news\/2018\/09\/30\/impressionen-vom-20-jahr-plattsalat-fest\/'  title=\"25 Jahre Plattsalat\" aria-label=\"25 Jahre Plattsalat\">2023<span class='av-milestone-indicator'><\/span><\/a><\/h2><a class='av-milestone-icon-wrap' href='https:\/\/www.plattsalat.de\/news\/2018\/09\/30\/impressionen-vom-20-jahr-plattsalat-fest\/'  title=\"25 Jahre Plattsalat\" aria-label=\"25 Jahre Plattsalat\"><span class='av-milestone-icon milestone_icon avia-font-entypo-fontello'><span class='av-milestone-icon-inner milestone_inner'><i class='milestone-char avia-iconfont avia-font-entypo-fontello' data-av_icon='\ue8b4' data-av_iconfont='entypo-fontello' ><\/i><\/span><\/span><\/a><article class='av-milestone-content-wrap'><div class='av-milestone-contentbox'><header class=\"entry-content-header\" aria-label=\"Milestone: 25 Jahre Plattsalat\"><h4 class='av-milestone-title '><a href='https:\/\/www.plattsalat.de\/news\/2018\/09\/30\/impressionen-vom-20-jahr-plattsalat-fest\/'  title=\"25 Jahre Plattsalat\" aria-label=\"25 Jahre Plattsalat\">25 Jahre Plattsalat<\/a><\/h4><\/header><div class='av-milestone-content'><\/div><\/div><footer class='av-milestone-article-footer entry-footer'><\/footer><\/article><\/li>\n<li  class='av-milestone av-m4vfhqh5-54cbe97c585dfa48bf39b57966dd8beb av-animated-generic fade-in av-milestone-valign-baseline av-milestone-even'><article class='av-milestone-content-wrap'><div class='av-milestone-contentbox'><header class=\"entry-content-header\" aria-label=\"Milestone: Gr\u00fcndung Eckladen T\u00fcbingen\"><h4 class='av-milestone-title '>Gr\u00fcndung Eckladen T\u00fcbingen<\/h4><\/header><div class='av-milestone-content'><\/div><\/div><footer class='av-milestone-article-footer entry-footer'><\/footer><\/article><div class=\"av-milestone-icon-wrap\"><span class='av-milestone-icon milestone_icon avia-font-entypo-fontello'><span class='av-milestone-icon-inner milestone_inner'><i class='milestone-char avia-iconfont avia-font-entypo-fontello' data-av_icon='\ue812' data-av_iconfont='entypo-fontello' ><\/i><\/span><\/span><\/div><h2 class='av-milestone-date ' id='milestone-2024' ><strong>2024<span class='av-milestone-indicator'><\/span><\/strong><\/h2><\/li>\n<\/ul><\/div><\/div>\n","protected":false},"excerpt":{"rendered":"","protected":false},"author":1,"featured_media":0,"parent":0,"menu_order":10,"comment_status":"closed","ping_status":"closed","template":"","meta":{"footnotes":""},"class_list":["post-150","page","type-page","status-publish","hentry"],"_links":{"self":[{"href":"https:\/\/www.plattsalat.de\/verein\/wp-json\/wp\/v2\/pages\/150","targetHints":{"allow":["GET"]}}],"collection":[{"href":"https:\/\/www.plattsalat.de\/verein\/wp-json\/wp\/v2\/pages"}],"about":[{"href":"https:\/\/www.plattsalat.de\/verein\/wp-json\/wp\/v2\/types\/page"}],"author":[{"embeddable":true,"href":"https:\/\/www.plattsalat.de\/verein\/wp-json\/wp\/v2\/users\/1"}],"replies":[{"embeddable":true,"href":"https:\/\/www.plattsalat.de\/verein\/wp-json\/wp\/v2\/comments?post=150"}],"version-history":[{"count":31,"href":"https:\/\/www.plattsalat.de\/verein\/wp-json\/wp\/v2\/pages\/150\/revisions"}],"predecessor-version":[{"id":771,"href":"https:\/\/www.plattsalat.de\/verein\/wp-json\/wp\/v2\/pages\/150\/revisions\/771"}],"wp:attachment":[{"href":"https:\/\/www.plattsalat.de\/verein\/wp-json\/wp\/v2\/media?parent=150"}],"curies":[{"name":"wp","href":"https:\/\/api.w.org\/{rel}","templated":true}]}}

<div id='full_slider_1'  class='avia-fullwidth-slider main_color avia-shadow   avia-builder-el-0  el_before_av_three_fifth  avia-builder-el-first   container_wrap sidebar_right'  ><div  class='avia-slideshow av-jkve2lxf-e13be8b83d280a70e68030a7b8c884b3 avia-slideshow-featured av_slideshow_full avia-slide-slider av-slideshow-ui av-control-default av-slideshow-manual av-loop-once av-loop-manual-endless av-default-height-applied   avia-slideshow-1' data-slideshow-options="{&quot;animation&quot;:&quot;slide&quot;,&quot;autoplay&quot;:false,&quot;loop_autoplay&quot;:&quot;once&quot;,&quot;interval&quot;:5,&quot;loop_manual&quot;:&quot;manual-endless&quot;,&quot;autoplay_stopper&quot;:false,&quot;noNavigation&quot;:false,&quot;bg_slider&quot;:false,&quot;keep_padding&quot;:false,&quot;hoverpause&quot;:false,&quot;show_slide_delay&quot;:0}"  itemprop="image" itemscope="itemscope" itemtype="https://schema.org/ImageObject" ><ul class='avia-slideshow-inner ' style='padding-bottom: 28.666666666667%;'><li  class='avia-slideshow-slide av-jkve2lxf-e13be8b83d280a70e68030a7b8c884b3__0  av-single-slide slide-1 slide-odd'><div data-rel='slideshow-1' class='avia-slide-wrap '   ><img decoding="async" fetchpriority="high" class="wp-image-157 avia-img-lazy-loading-not-157"  src="https://www.plattsalat.de/verein/wp-content/uploads/sites/2/2018/08/unnamed-1500x430.jpg" width="1500" height="430" title='unnamed' alt=''  itemprop="thumbnailUrl"   /></div></li></ul></div></div><div id='after_full_slider_1'  class='main_color av_default_container_wrap container_wrap sidebar_right'  ><div class='container av-section-cont-open' ><div class='template-page content  av-content-small alpha units'><div class='post-entry post-entry-type-page post-entry-150'><div class='entry-content-wrapper clearfix'>

<style type="text/css" data-created_by="avia_inline_auto" id="style-css-av-cjpou-bac37724f5f4f269cc4661aa385351c9">
.flex_column.av-cjpou-bac37724f5f4f269cc4661aa385351c9{
border-radius:0px 0px 0px 0px;
padding:0px 0px 0px 0px;
}
</style>
<div  class='flex_column av-cjpou-bac37724f5f4f269cc4661aa385351c9 av_three_fifth  avia-builder-el-1  el_after_av_slideshow_full  el_before_av_two_fifth  avia-builder-el-first  first flex_column_div av-zero-column-padding  '     ><section  class='av_textblock_section av-k7t3stm8-fee489d60a729a972bd62bd7dd826bb0 '   itemscope="itemscope" itemtype="https://schema.org/CreativeWork" ><div class='avia_textblock'  itemprop="text" ><h1 class="Normal">Was ist plattsalat?</h1>
<p class="Normal">plattsalat wurde 1998 mit der Idee gegründet, den regionalen Bioanbau zu fördern &amp; Bioprodukte auch für sozial schwächer gestellte Menschen verfügbar zu machen. Außerdem wollten wir eine andere Art des Wirtschaftens praktizieren: selbstbestimmt, umsatzunabhängig und fair auch gegenüber den Erzeugern.</p>
<p>Dazu wurde ein gemeinnütziger Verein gegründet, der mittlerweile etwa 700 Mitglieder in und um Stuttgart hat.</p>
<p>Zur Zeit gibt es zwei eigenständige Läden, die nicht mehr vom Verein geführt werden, sondern jeweils eigene Unternehmergesellschaften (UG) sind, die dem Verein gehören. Mittels einer speziellen UG-Satzung wird das Recht der Mitglieder auf Mitbestimmung sichergestellt.</p>
<p>Bis 2013 war plattsalat west ein reiner Mitgliederladen, jetzt sind alle plattsalat Läden auch offen für Nichtmitglieder. Nicht-Mitglieder kaufen zu &#8222;normalen&#8220; Bioladenpreisen ein, Mitglieder bezahlen die günstigeren Mitgliederpreise.</p>
<p>Der Verein kümmert sich um die Förderung von regionalem Bioanbau und fairen Handelsbedingungen, wir machen Verbraucherberatung, halten Kochkurse und wir führen viele Veranstaltungen zu Themen rund um Bioanbau, Verarbeitung, Vermarktung und Ernährung durch.</p>
<p>In Kurzform könnt Ihr hier nachschauen, was wir 2008 zu plattsalat &#8211; damals noch im alten Laden in der Bismarckstrasse &#8211; zu sagen hatten:</p>
<div style="width: 640px;" class="wp-video"><video class="wp-video-shortcode" id="video-150-1" width="640" height="288" preload="metadata" controls="controls"><source type="video/mp4" src="https://www.plattsalat.de/verein/wp-content/uploads/sites/2/2020/03/Plattsalat.123-1.mp4?_=1" /><a href="https://www.plattsalat.de/verein/wp-content/uploads/sites/2/2020/03/Plattsalat.123-1.mp4">https://www.plattsalat.de/verein/wp-content/uploads/sites/2/2020/03/Plattsalat.123-1.mp4</a></video></div>
</div></section></div>

<style type="text/css" data-created_by="avia_inline_auto" id="style-css-av-155t0u-4be0483508f5ad5e60d92b3dd7d4bde3">
.flex_column.av-155t0u-4be0483508f5ad5e60d92b3dd7d4bde3{
border-radius:0px 0px 0px 0px;
padding:0px 0px 0px 0px;
}
</style>
<div  class='flex_column av-155t0u-4be0483508f5ad5e60d92b3dd7d4bde3 av_two_fifth  avia-builder-el-3  el_after_av_three_fifth  avia-builder-el-last  flex_column_div av-zero-column-padding  '     ><div  id="avia-timeline-1"  class='avia-timeline-container av-k7t3qyws-ef3d924f157c18736a1a6a190e437c7a av-slideshow-ui  avia-builder-el-4  avia-builder-el-no-sibling ' ><ul class='avia-timeline avia-timeline-vertical av-milestone-placement-alternate avia-timeline- avia_animate_when_almost_visible avia-timeline-animate'>
<li  class='av-milestone av-dwrw6-5e7ad594234fc07503cb03ffb8fbf1c3 av-animated-generic fade-in av-milestone-valign-baseline av-milestone-odd'><h2 class='av-milestone-date ' id='milestone-1998' ><strong>1998<span class='av-milestone-indicator'></span></strong></h2><div class="av-milestone-icon-wrap"><span class='av-milestone-icon milestone_icon avia-font-entypo-fontello'><span class='av-milestone-icon-inner milestone_inner'><i class='milestone-char avia-iconfont avia-font-entypo-fontello' data-av_icon='' data-av_iconfont='entypo-fontello' ></i></span></span></div><article class='av-milestone-content-wrap'><div class='av-milestone-contentbox'><header class="entry-content-header" aria-label="Milestone: Gründung"><h4 class='av-milestone-title '>Gründung</h4></header><div class='av-milestone-content'></div></div><footer class='av-milestone-article-footer entry-footer'></footer></article></li>
<li  class='av-milestone av-bk2ie-d2cc66cc2e9ae2a5cf35e5d56fb13b06 av-animated-generic fade-in av-milestone-valign-baseline av-milestone-even'><article class='av-milestone-content-wrap'><div class='av-milestone-contentbox'><header class="entry-content-header" aria-label="Milestone: Eröffnung Plattsalat Kernen"><h4 class='av-milestone-title '>Eröffnung Plattsalat Kernen</h4></header><div class='av-milestone-content'></div></div><footer class='av-milestone-article-footer entry-footer'></footer></article><div class="av-milestone-icon-wrap"><span class='av-milestone-icon milestone_icon avia-font-entypo-fontello'><span class='av-milestone-icon-inner milestone_inner'><i class='milestone-char avia-iconfont avia-font-entypo-fontello' data-av_icon='' data-av_iconfont='entypo-fontello' ></i></span></span></div><h2 class='av-milestone-date ' id='milestone-2011' ><strong>2011<span class='av-milestone-indicator'></span></strong></h2></li>
<li  class='av-milestone av-72s6m-1a86dda7e7790119cf07cdb4bf5cdad1 av-animated-generic fade-in av-milestone-valign-baseline av-milestone-odd'><h2 class='av-milestone-date ' id='milestone-2013' ><a href='https://www.plattsalat.de/news/2013/02/07/plattsalat-west-zieht-um/'  title="Plattsalat West zieht um" aria-label="Plattsalat West zieht um">2013<span class='av-milestone-indicator'></span></a></h2><a class='av-milestone-icon-wrap' href='https://www.plattsalat.de/news/2013/02/07/plattsalat-west-zieht-um/'  title="Plattsalat West zieht um" aria-label="Plattsalat West zieht um"><span class='av-milestone-icon milestone_icon avia-font-entypo-fontello'><span class='av-milestone-icon-inner milestone_inner'><i class='milestone-char avia-iconfont avia-font-entypo-fontello' data-av_icon='' data-av_iconfont='entypo-fontello' ></i></span></span></a><article class='av-milestone-content-wrap'><div class='av-milestone-contentbox'><header class="entry-content-header" aria-label="Milestone: Plattsalat West zieht um"><h4 class='av-milestone-title '><a href='https://www.plattsalat.de/news/2013/02/07/plattsalat-west-zieht-um/'  title="Plattsalat West zieht um" aria-label="Plattsalat West zieht um">Plattsalat West zieht um</a></h4></header><div class='av-milestone-content'></div></div><footer class='av-milestone-article-footer entry-footer'></footer></article></li>
<li  class='av-milestone av-m4vff2pm-1d97546b044d6ff297478899818b2949 av-animated-generic fade-in av-milestone-valign-baseline av-milestone-even'><article class='av-milestone-content-wrap'><div class='av-milestone-contentbox'><header class="entry-content-header" aria-label="Milestone: Eröffnung Wandel.Handel Plattsalat Ost"><h4 class='av-milestone-title '>Eröffnung Wandel.Handel Plattsalat Ost</h4></header><div class='av-milestone-content'></div></div><footer class='av-milestone-article-footer entry-footer'></footer></article><div class="av-milestone-icon-wrap"><span class='av-milestone-icon milestone_icon avia-font-entypo-fontello'><span class='av-milestone-icon-inner milestone_inner'><i class='milestone-char avia-iconfont avia-font-entypo-fontello' data-av_icon='' data-av_iconfont='entypo-fontello' ></i></span></span></div><h2 class='av-milestone-date ' id='milestone-2021' ><strong>2021<span class='av-milestone-indicator'></span></strong></h2></li>
<li  class='av-milestone av-8898m-4d1ac97b93fdeb52de79078a9028a40d av-animated-generic fade-in av-milestone-valign-baseline av-milestone-odd'><h2 class='av-milestone-date ' id='milestone-2023' ><a href='https://www.plattsalat.de/news/2018/09/30/impressionen-vom-20-jahr-plattsalat-fest/'  title="25 Jahre Plattsalat" aria-label="25 Jahre Plattsalat">2023<span class='av-milestone-indicator'></span></a></h2><a class='av-milestone-icon-wrap' href='https://www.plattsalat.de/news/2018/09/30/impressionen-vom-20-jahr-plattsalat-fest/'  title="25 Jahre Plattsalat" aria-label="25 Jahre Plattsalat"><span class='av-milestone-icon milestone_icon avia-font-entypo-fontello'><span class='av-milestone-icon-inner milestone_inner'><i class='milestone-char avia-iconfont avia-font-entypo-fontello' data-av_icon='' data-av_iconfont='entypo-fontello' ></i></span></span></a><article class='av-milestone-content-wrap'><div class='av-milestone-contentbox'><header class="entry-content-header" aria-label="Milestone: 25 Jahre Plattsalat"><h4 class='av-milestone-title '><a href='https://www.plattsalat.de/news/2018/09/30/impressionen-vom-20-jahr-plattsalat-fest/'  title="25 Jahre Plattsalat" aria-label="25 Jahre Plattsalat">25 Jahre Plattsalat</a></h4></header><div class='av-milestone-content'></div></div><footer class='av-milestone-article-footer entry-footer'></footer></article></li>
<li  class='av-milestone av-m4vfhqh5-54cbe97c585dfa48bf39b57966dd8beb av-animated-generic fade-in av-milestone-valign-baseline av-milestone-even'><article class='av-milestone-content-wrap'><div class='av-milestone-contentbox'><header class="entry-content-header" aria-label="Milestone: Gründung Eckladen Tübingen"><h4 class='av-milestone-title '>Gründung Eckladen Tübingen</h4></header><div class='av-milestone-content'></div></div><footer class='av-milestone-article-footer entry-footer'></footer></article><div class="av-milestone-icon-wrap"><span class='av-milestone-icon milestone_icon avia-font-entypo-fontello'><span class='av-milestone-icon-inner milestone_inner'><i class='milestone-char avia-iconfont avia-font-entypo-fontello' data-av_icon='' data-av_iconfont='entypo-fontello' ></i></span></span></div><h2 class='av-milestone-date ' id='milestone-2024' ><strong>2024<span class='av-milestone-indicator'></span></strong></h2></li>
</ul></div></div>
