{"id":18,"date":"2018-08-05T19:07:49","date_gmt":"2018-08-05T17:07:49","guid":{"rendered":"https:\/\/www.plattsalat.de\/verein\/?page_id=18"},"modified":"2025-02-13T20:04:25","modified_gmt":"2025-02-13T19:04:25","slug":"plattsalat-ist-anders","status":"publish","type":"page","link":"https:\/\/www.plattsalat.de\/verein\/verein\/plattsalat-ist-anders\/","title":{"rendered":"Satzung e.V."},"content":{"rendered":"<section  class='av_textblock_section av-1yf9y-5641a9f93648c350b47655d15b4fbd52 '   itemscope=\"itemscope\" itemtype=\"https:\/\/schema.org\/CreativeWork\" ><div class='avia_textblock'  itemprop=\"text\" ><div id=\"meta-origin\" data-coolorigin=\"https%3A%2F%2Ftim02.hostsharing.net%2Fcool%2Fclipboard%3FWOPISrc%3Dhttps%253A%252F%252Fcloud.plattsalat.de%252Findex.php%252Fapps%252Frichdocuments%252Fwopi%252Ffiles%252F192786_oc1s1flfqmvg%26ServerId%3D94a61f92%26ViewId%3D4%26Tag%3Db526d370d724efd4\">\n<p align=\"center\"><span style=\"font-family: Verdana, sans-serif\"><span style=\"font-size: large\"><b><span lang=\"de-DE\">Satzung <\/span><span lang=\"de-DE\">des Plattsalat e. V.<\/span><\/b><\/span><\/span><\/p>\n<p><span style=\"font-family: Verdana, sans-serif\"><span style=\"font-size: large\"><b>\u00a7\u00a01 Name, Sitz<\/b><\/span><\/span><\/p>\n<p><span style=\"font-family: Verdana, sans-serif\"><span style=\"font-size: medium\"><b>1.<\/b> <span style=\"color: #000000\">Der Verein tr\u00e4gt den Namen <\/span><span style=\"color: #000000\">P<\/span><span style=\"color: #000000\">lattsalat e. V..<\/span><\/span><\/span><\/p>\n<p><span style=\"color: #000000\"><span style=\"font-family: Verdana, sans-serif\"><span style=\"font-size: medium\"><b>2.<\/b> Der Verein hat seinen Sitz in Stuttgart.<\/span><\/span><\/span><\/p>\n<p><span style=\"color: #000000\"><span style=\"font-family: Verdana, sans-serif\"><span style=\"font-size: medium\"><b>3.<\/b> Gesch\u00e4ftsjahr ist das Kalenderjahr.<\/span><\/span><\/span><\/p>\n<p><span style=\"font-family: Verdana, sans-serif\"><span style=\"font-size: medium\"><b>4.<\/b> Der Verein ist in das Vereinsregister beim Amtsgericht Stuttgart unter der Nummer 6143 eingetragen.<\/span><\/span><\/p>\n<p><span style=\"font-family: Verdana, sans-serif\"><span style=\"font-size: large\"><b>\u00a7\u00a02 Zweck<\/b><\/span><\/span><\/p>\n<p><span style=\"font-family: Verdana, sans-serif\"><span style=\"font-size: medium\"><b>1.<\/b> Zweck des Vereins ist die F\u00f6rderung des Naturschutzes und der Landschaftspflege im Sinne des Bundesnaturschutzgesetzes und der Naturschutzgesetze der L\u00e4nder, des Umweltschutzes, einschlie\u00dflich des Klimaschutzes, des Tierschutzes und der Verbraucherberatung.<\/span><\/span><\/p>\n<p><span style=\"font-family: Verdana, sans-serif\"><span style=\"font-size: medium\"><b>2.<\/b> <sup>1<\/sup>Dieser Zweck wird insbesondere verwirklicht durch Verbraucherberatung mittels Vortr\u00e4gen, Kursen, Informationsst\u00e4nden und anderen Veranstaltungen zu Nachhaltigkeit, Ern\u00e4hrung und Umweltbildung. <sup>2<\/sup>Ein Schwerpunkt liegt dabei auf der Information und Aufkl\u00e4rung \u00fcber die Auswirkungen von landwirtschaftlicher Produktion und Handel auf Umwelt und Gesundheit. <sup>3<\/sup>Diese betreffen insbesondere \u00d6kosysteme, Landschaften, Tierwohl, das Klima und die Qualit\u00e4t der Nahrungsmittel.<\/span><\/span><\/p>\n<p><span style=\"font-family: Verdana, sans-serif\"><span style=\"font-size: medium\"><sup>4<\/sup>Dieser Zweck wird insbesondere ferner verwirklicht durch Begr\u00fcnung von Fl\u00e4chen, zur Schaffung von Lebensr\u00e4umen f\u00fcr V\u00f6gel, Kleins\u00e4uger und Insekten, beispielsweise in Form von Urban Gardening auf \u00f6ffentlich zug\u00e4nglichen Fl\u00e4chen.<\/span><\/span><\/p>\n<p><span style=\"font-family: Verdana, sans-serif\"><span style=\"font-size: medium\"><sup>5<\/sup>Dieser Zweck wird insbesondere auch verwirklicht durch Veranstaltungen zur Aufkl\u00e4rung \u00fcber heimische und insektenfreundliche Pflanzen, um urbane \u00d6kosysteme und in der Stadt lebende V\u00f6gel, Kleins\u00e4uger und Insekten zu f\u00f6rdern, beispielsweise Kr\u00e4uterwanderungen und Pflanzentauschb\u00f6rsen.<\/span><\/span><\/p>\n<p><span style=\"font-family: Verdana, sans-serif\"><span style=\"font-size: medium\"><b>3<\/b><b>.<\/b> Der <span style=\"color: #000000\">Ver<\/span><span style=\"color: #000000\">ein <\/span>ist selbstlos t\u00e4tig und verfolgt nicht in erster Linie eigenwirtschaftliche Zwecke.<\/span><\/span><\/p>\n<p><span style=\"color: #000000\"><span style=\"font-family: Verdana, sans-serif\"><span style=\"font-size: medium\"><b>4<\/b><b>.<\/b> <sup>1<\/sup>Mittel des Vereins d\u00fcrfen nur f\u00fcr die satzungsm\u00e4\u00dfigen Zwecke verwendet werden. <sup>2<\/sup>Die Mitglieder erhalten keine Zuwendungen aus den Mitteln des Vereins. <sup>3<\/sup>Es darf keine Person durch Ausgaben, die dem Zweck des Vereins fremd sind, oder durch unverh\u00e4ltnism\u00e4\u00dfig hohe Verg\u00fctungen beg\u00fcnstigt werden. <sup>4<\/sup>Die T\u00e4tigkeit des Vorstands und ehrenamtliche T\u00e4tigkeiten von Mitgliedern die dem Vereinszweck dienen, k\u00f6nnen bis zur H\u00f6he der Ehrenamtspauschale nach \u00a7\u00a03 Nr.\u00a026a EStG verg\u00fctet werden, wenn es die finanzielle Situation des Vereins zul\u00e4sst.<\/span><\/span><\/span><\/p>\n<p><span style=\"color: #000000\"><span style=\"font-family: Verdana, sans-serif\"><span style=\"font-size: medium\"><b>5.<\/b> Der Verein verfolgt und unterst\u00fctzt keine religi\u00f6sen Ziele.<\/span><\/span><\/span><\/p>\n<p><span style=\"font-family: Verdana, sans-serif\"><span style=\"font-size: large\"><b>\u00a7 3 Mitgliedschaft<\/b><\/span><\/span><\/p>\n<p><span style=\"font-family: Verdana, sans-serif\"><span style=\"font-size: medium\"><b>1.<\/b> <sup>1<\/sup>Mitglied des Vereins kann jede nat\u00fcrliche und juristische Person werden, die die oben genannten Ziele unterst\u00fctzen will. <sup>2<\/sup>Der Antrag ist in Textform zu stellen.<\/span><\/span><\/p>\n<p><span style=\"font-family: Verdana, sans-serif\"><span style=\"font-size: medium\"><b>2.<\/b> Die Mitgliedschaft kann mit einer Frist von mindestens vier Wochen zum Monatsende in Textform gek\u00fcndigt werden.<\/span><\/span><\/p>\n<p><span style=\"font-family: Verdana, sans-serif\"><span style=\"font-size: medium\"><b>3.<\/b> <sup>1<\/sup>Der Ausschluss kann erfolgen, wenn die monatliche Beitragszahlung nicht geleistet wird oder grob gemeinschaftssch\u00e4digendes Verhalten vorliegt. <sup>2<\/sup>Gegen den Ausschluss kann mit einer Frist von vier Wochen schriftlich Einspruch beim Vorstand erhoben werden. <sup>3<\/sup>\u00dcber den Einspruch entscheidet die Mitgliederversammlung abschlie\u00dfend und unanfechtbar.<\/span><\/span><\/p>\n<p><span style=\"font-family: Verdana, sans-serif\"><span style=\"font-size: medium\"><b>4.<\/b> <sup>1<\/sup>Die Beitragsh\u00f6he wird durch die ordentliche Mitgliederversammlung<br \/>\nbeschlossen. <sup>2<\/sup>Die Beitragsh\u00f6he muss die Erhaltung der Gesch\u00e4ftsf\u00e4higkeit des Vereins gew\u00e4hrleisten.<\/span><\/span><\/p>\n<p><span style=\"font-family: Verdana, sans-serif\"><span style=\"font-size: medium\"><b>5.<\/b> Die Mitglieder sind verpflichtet, ihren finanziellen Verbindlichkeiten selbst\u00e4ndig und rechtzeitig nachzukommen (Bringepflicht).<\/span><\/span><\/p>\n<p><span style=\"font-family: Verdana, sans-serif\"><span style=\"font-size: medium\"><b>6.<\/b> Die Mitgliedschaft endet durch Austritt, Ausschluss oder Tod oder im Fall einer juristischen Person durch deren Aufl\u00f6sung oder Erl\u00f6schen oder Verschmelzung mit einer anderen juristischen Person.<\/span><\/span><\/p>\n<p><span style=\"font-family: Verdana, sans-serif\"><span style=\"font-size: large\"><b>\u00a7 4 Arbeitsweise<\/b><\/span><\/span><\/p>\n<p><span style=\"font-family: Verdana, sans-serif\"><span style=\"font-size: medium\"><sup>1<\/sup>Die Arbeitsweise des Vereins kann durch die Gesch\u00e4ftsordnung genauer geregelt werden. <sup>2<\/sup>Die Gesch\u00e4ftsordnung ist nicht Bestandteil der Satzung.<\/span><\/span><\/p>\n<p><span style=\"font-family: Verdana, sans-serif\"><span style=\"font-size: large\"><b>\u00a7 5 Die Organe<\/b><\/span><\/span><\/p>\n<p><span style=\"font-family: Verdana, sans-serif\"><span style=\"font-size: medium\"><b>1.<\/b> Die Organe des Vereins sind der Vorstand und die Mitgliederversammlung.<\/span><\/span><\/p>\n<p><span style=\"font-family: Verdana, sans-serif\"><span style=\"font-size: medium\"><b>2.<\/b> <sup>1<\/sup>Die Mitgliederversammlung w\u00e4hlt mindestens eine kassenpr\u00fcfende Person. <sup>2<\/sup>Die kassenpr\u00fcfenden Personen d\u00fcrfen nicht dem Vorstand angeh\u00f6ren. <sup>3<\/sup>Die kassenpr\u00fcfenden Personen sind jederzeit berechtigt, die Ordnungsm\u00e4\u00dfigkeit der Buchf\u00fchrung und die sachliche und rechnerische Richtigkeit der Belege zu pr\u00fcfen. <sup>4<\/sup>\u00dcber das Ergebnis ihrer einmal j\u00e4hrlich durchgef\u00fchrten Kassenpr\u00fcfung berichten die kassenpr\u00fcfenden Personen<br \/>\nbei der darauffolgenden Mitgliederversammlung.<\/span><\/span><\/p>\n<p><span style=\"font-family: Verdana, sans-serif\"><span style=\"font-size: large\"><b>\u00a7 6 Der Vorstand<\/b><\/span><\/span><\/p>\n<p><span style=\"font-family: Verdana, sans-serif\"><span style=\"font-size: medium\"><b>1.<\/b> <sup>1<\/sup>Der Vorstand besteht aus mindestens drei, h\u00f6chstens sieben durch die Mitgliederversammlung zu w\u00e4hlenden Mitgliedern des Vereins. <sup>2<\/sup>Vorstandsmitglieder k\u00f6nnen nur nat\u00fcrliche Personen (nicht Vertreter juristischer Personen) sein.<\/span><\/span><\/p>\n<p><span style=\"font-family: Verdana, sans-serif\"><span style=\"font-size: medium\"><b>2.<\/b> <sup>1<\/sup>Die Amtszeit eines Vorstandsmitglieds beginnt mit der Annahme der Wahl und endet durch R\u00fccktritt, Abberufung, Ausscheiden aus dem Verein, Tod, sp\u00e4testens aber bei der \u00fcbern\u00e4chsten ordentlichen Mitgliederversammlung. <sup>2<\/sup>Eine Wiederwahl ist m\u00f6glich. <sup>3<\/sup>Bei Ausfall eines Vorstandsmitglieds kann der Vorstand ein Mitglied berufen. <sup>4<\/sup>Die Amtszeit eines berufenen Vorstandsmitglieds endet bei der n\u00e4chsten Mitgliederversammlung, es kann dort wiedergew\u00e4hlt werden. <sup>5<\/sup>Der Vorstand muss zu mindestens zwei Dritteln aus gew\u00e4hlten Mitglieder bestehen.<\/span><\/span><\/p>\n<p><span style=\"font-family: Verdana, sans-serif\"><span style=\"font-size: medium\"><b>3.<\/b> Der Vorstand f\u00fchrt die laufenden Gesch\u00e4fte des Vereins.<\/span><\/span><\/p>\n<p><span style=\"font-family: Verdana, sans-serif\"><span style=\"font-size: medium\"><b>4.<\/b> Der Vorstand erstattet den Jahresgesch\u00e4ftsbericht bei der ordentlichen Mitgliederversammlung.<\/span><\/span><\/p>\n<p><span style=\"font-family: Verdana, sans-serif\"><span style=\"font-size: medium\"><b>5.<\/b> Der Verein wird im Sinne des \u00a7\u00a026 BGB von je zwei Vorstandsmitgliedern gemeinsam gerichtlich und au\u00dfergerichtlich vertreten.<\/span><\/span><\/p>\n<p><span style=\"font-family: Verdana, sans-serif\"><span style=\"font-size: medium\"><b>6.<\/b> <sup>1<\/sup>Der Vorstand ist mit drei Vorstandsmitgliedern beschlussf\u00e4hig. <sup>2<\/sup>Alle Beschl\u00fcsse m\u00fcssen ohne Gegenstimme gefasst werden. <sup>3<\/sup>Wird dies nicht erreicht, so wird in der n\u00e4chsten Vorstandssitzung durch Zweidrittel-Mehrheit entschieden. <sup>4<\/sup>Alle Beschl\u00fcsse des Vorstandes m\u00fcssen protokolliert werden und f\u00fcr die Mitglieder des Vereins einzusehen sein.<\/span><\/span><\/p>\n<p><span style=\"font-family: Verdana, sans-serif\"><span style=\"font-size: medium\"><b>7.<\/b> Sitzungen des Vorstands finden als Pr\u00e4senzveranstaltung oder teilweise oder vollst\u00e4ndig als Telefon- oder Videokonferenz statt.<\/span><\/span><\/p>\n<p><span style=\"font-family: Verdana, sans-serif\"><span style=\"font-size: medium\"><b>8.<\/b> Bei Einstimmigkeit sind Beschl\u00fcsse auch ohne Vorstandssitzung m\u00f6glich.<\/span><\/span><\/p>\n<p><span style=\"font-family: Verdana, sans-serif\"><span style=\"font-size: large\"><b>\u00a7 7 Die Mitgliederversammlung<\/b><\/span><\/span><\/p>\n<p><span style=\"font-family: Verdana, sans-serif\"><span style=\"font-size: medium\"><b>1.<\/b> Die ordentliche Mitgliederversammlung (Jahreshauptversammlung) findet einmal j\u00e4hrlich, m\u00f6glichst im ersten Kalenderhalbjahr, statt.<\/span><\/span><\/p>\n<p><span style=\"font-family: Verdana, sans-serif\"><span style=\"font-size: medium\"><b>2.<\/b> Die Mitgliederversammlung beschlie\u00dft insbesondere \u00fcber Satzungs\u00e4nderungen, Neuwahl und Abberufung von Vorstandsmitgliedern, Kassenbericht, Kassenpr\u00fcfung, Entlastung des Vorstands, Beitr\u00e4ge, Strategie des Vereins und Aufl\u00f6sung des Vereins.<\/span><\/span><\/p>\n<p><span style=\"font-family: Verdana, sans-serif\"><span style=\"font-size: medium\"><b>3.<\/b> Die Mitgliederversammlung beschlie\u00dft und \u00e4ndert mit einer Mehrheit von drei Vierteln der abgegebenen Stimmen die Gesch\u00e4ftsordnung.<\/span><\/span><\/p>\n<p><span style=\"font-family: Verdana, sans-serif\"><span style=\"font-size: medium\"><b>4.<\/b> Die Mitgliederversammlung nimmt den Jahresgesch\u00e4ftsbericht des Vorstandes entgegen.<\/span><\/span><\/p>\n<p><span style=\"font-family: Verdana, sans-serif\"><span style=\"font-size: medium\"><b>5.<\/b> Die Einladung zur Mitgliederversammlung erfolgt durch den Vorstand mindestens 21 Kalendertage vor der Versammlung in Textform unter Angabe einer vorl\u00e4ufigen Tagesordnung.<\/span><\/span><\/p>\n<p><span style=\"font-family: Verdana, sans-serif\"><span style=\"font-size: medium\"><b>6.<\/b> <sup>1<\/sup>Aufgrund eines Antrags, der nachweislich von einem Drittel der Mitglieder oder von Mitgliedern aus mindestens f\u00fcnf verschiedenen Haushalten unterst\u00fctzt wird und dem Vorstand sp\u00e4testens 14 Tage vor der Mitgliederversammlung in Textform zugeht, wird die Tagesordnung erg\u00e4nzt. <sup>2<\/sup>Die endg\u00fcltige Tagesordnung wird den Mitgliedern sp\u00e4testens zehn Tage vor der Mitgliederversammlung mitgeteilt.<\/span><\/span><\/p>\n<p><span style=\"font-family: Verdana, sans-serif\"><span style=\"font-size: medium\"><b>7.<\/b> Die Mitgliederversammlung findet als Pr\u00e4senzveranstaltung oder teilweise oder vollst\u00e4ndig als Telefon- oder Videokonferenz statt.<\/span><\/span><\/p>\n<p><span style=\"font-family: Verdana, sans-serif\"><span style=\"font-size: medium\"><b>8.<\/b> <sup>1<\/sup>Bei Beschlussfassung in der Mitgliederversammlung entscheidet die einfache Mehrheit der abgegebenen Stimmen. <sup>2<\/sup>Eine Stimmabgabe durch eine bevollm\u00e4chtigte Person ist ausgeschlossen.<\/span><\/span><\/p>\n<p><span style=\"font-family: Verdana, sans-serif\"><span style=\"font-size: medium\"><b>9.<\/b> <sup>1<\/sup>Satzungs\u00e4nderungen und die Aufl\u00f6sung des Vereins bed\u00fcrfen der Zustimmung von drei Vierteln der Mitglieder. <sup>2<\/sup>Kommt bei der ersten Abstimmung keine Entscheidung zustande, erfolgt eine Wiederholung der Abstimmung bei einer weiteren Mitgliederversammlung im Abstand von h\u00f6chstens f\u00fcnf Wochen. <sup>3<\/sup>In diesem Fall gen\u00fcgt die Zustimmung von drei Vierteln der erschienenen Mitglieder. <sup>4<\/sup>Die Abwahl eines Vorstandsmitglieds erfordert eine Mehrheit von zwei Dritteln der abgegebenen Stimmen.<\/span><\/span><\/p>\n<p><span style=\"font-family: Verdana, sans-serif\"><span style=\"font-size: medium\"><b>10.<\/b> <sup>1<\/sup>Die Beschl\u00fcsse der Mitgliederversammlung werden in einem Protokoll schriftlich niedergelegt. <sup>2<\/sup>Es ist von der protokollf\u00fchrenden Person sowie von einem Vorstandsmitglied zu unterzeichnen.<\/span><\/span><\/p>\n<p><span style=\"font-family: Verdana, sans-serif\"><span style=\"font-size: large\"><span lang=\"de-DE\"><b>\u00a7 <\/b><\/span><\/span><\/span><span style=\"font-family: Verdana, sans-serif\"><span style=\"font-size: large\"><span lang=\"de-DE\"><b>8<\/b><\/span><\/span><\/span><b> <\/b><span style=\"font-family: Verdana, sans-serif\"><span style=\"font-size: large\"><span lang=\"de-DE\"><b>Au\u00dferordentliche <\/b><\/span><\/span><\/span><span style=\"font-family: Verdana, sans-serif\"><span style=\"font-size: large\"><span lang=\"de-DE\"><b>Mitgliederversammlung<\/b><\/span><\/span><\/span><\/p>\n<p><span style=\"font-size: medium\"><span style=\"font-family: Verdana, sans-serif\"><span lang=\"de-DE\"><b>1<\/b><\/span><\/span><span style=\"font-family: Verdana, sans-serif\"><span lang=\"de-DE\"><b>.<\/b><\/span><\/span><span style=\"font-family: Verdana, sans-serif\"><span lang=\"de-DE\"> F\u00fcr die au\u00dferordentliche Mitgliederversammlung gilt \u00a7\u00a07 entsprechend.<\/span><\/span><\/span><\/p>\n<p><span style=\"font-size: medium\"><span style=\"font-family: Verdana, sans-serif\"><span lang=\"de-DE\"><b>2.<\/b><\/span><\/span> <sup><span style=\"font-family: Verdana, sans-serif\"><span lang=\"de-DE\">1<\/span><\/span><\/sup><span style=\"font-family: Verdana, sans-serif\"><span lang=\"de-DE\">Eine au\u00dferordentliche Mitgliederversammlung ist vom Vorstand einzuberufen, wenn dies von einem Drittel der Mitglieder oder von Mitgliedern aus mindestens 25 verschiedenen Haushalten in Textform und unter Angabe des Zwecks und der Gr\u00fcnde gefordert wird. <\/span><\/span><sup><span style=\"font-family: Verdana, sans-serif\"><span lang=\"de-DE\">2<\/span><\/span><\/sup><span style=\"font-family: Verdana, sans-serif\"><span lang=\"de-DE\">Die Ladung durch den Vorstand erfolgt unverz\u00fcglich, sp\u00e4testens jedoch sieben Tage nach Eingang des Antrags beim Vorstand.<\/span><\/span><\/span><\/p>\n<p><span style=\"font-family: Verdana, sans-serif\"><span style=\"font-size: medium\"><b>3<\/b><b>.<\/b> <sup>1<\/sup>Im Fall glaubhaft gemachter besonderer Dringlichkeit k\u00f6nnen die Fristen des \u00a7\u00a07 Nr.\u00a05, 6 halbiert (bei ungeraden Zahlen abgerundet) werden. <sup>2<\/sup>In diesem Fall ist keine \u00c4nderung der Satzung und keine Aufl\u00f6sung des Vereins m\u00f6glich.<\/span><\/span><\/p>\n<p><span style=\"font-family: Verdana, sans-serif\"><span style=\"font-size: large\"><b>\u00a7 9 Aufl\u00f6sung des Vereins<\/b><\/span><\/span><\/p>\n<p><span style=\"font-family: Verdana, sans-serif\"><span style=\"font-size: medium\">Bei Aufl\u00f6sung oder Aufhebung oder bei Wegfall steuerbeg\u00fcnstigter Zwecke<br \/>\nf\u00e4llt das Verm\u00f6gen des Vereins an eine juristische Person des \u00f6ffentlichen Rechts oder eine steuerbeg\u00fcnstigte K\u00f6rperschaft, die es unmittelbar und ausschlie\u00dflich f\u00fcr die in \u00a7\u00a02 Nr.\u00a01 genannten Zwecke zu verwenden hat.<\/span><\/span><\/p>\n<p><span style=\"font-family: Verdana, sans-serif\"><span style=\"font-size: medium\"><span lang=\"de-DE\">Beschlossen in der ordentlichen <\/span><\/span><\/span><span style=\"font-family: Verdana, sans-serif\"><span style=\"font-size: medium\"><span lang=\"de-DE\">Mitgliederversammlung 2024-10-25 <\/span><\/span><\/span><span style=\"font-family: Verdana, sans-serif\"><span style=\"font-size: medium\"><span lang=\"de-DE\">und<br \/>\nin der au\u00dferordentlichen Mitgliederversammlung 2024-11-21<\/span><\/span><\/span><\/p>\n<\/div>\n<\/div><\/section>\n<div  class='flex_column av-146gq-fb3857317fe4b42b92872a516f5ccff6 av_one_full  avia-builder-el-1  el_after_av_textblock  avia-builder-el-last  first flex_column_div  column-top-margin'     ><\/div>\n","protected":false},"excerpt":{"rendered":"","protected":false},"author":1,"featured_media":0,"parent":15,"menu_order":10,"comment_status":"closed","ping_status":"closed","template":"","meta":{"footnotes":""},"class_list":["post-18","page","type-page","status-publish","hentry"],"_links":{"self":[{"href":"https:\/\/www.plattsalat.de\/verein\/wp-json\/wp\/v2\/pages\/18","targetHints":{"allow":["GET"]}}],"collection":[{"href":"https:\/\/www.plattsalat.de\/verein\/wp-json\/wp\/v2\/pages"}],"about":[{"href":"https:\/\/www.plattsalat.de\/verein\/wp-json\/wp\/v2\/types\/page"}],"author":[{"embeddable":true,"href":"https:\/\/www.plattsalat.de\/verein\/wp-json\/wp\/v2\/users\/1"}],"replies":[{"embeddable":true,"href":"https:\/\/www.plattsalat.de\/verein\/wp-json\/wp\/v2\/comments?post=18"}],"version-history":[{"count":13,"href":"https:\/\/www.plattsalat.de\/verein\/wp-json\/wp\/v2\/pages\/18\/revisions"}],"predecessor-version":[{"id":804,"href":"https:\/\/www.plattsalat.de\/verein\/wp-json\/wp\/v2\/pages\/18\/revisions\/804"}],"up":[{"embeddable":true,"href":"https:\/\/www.plattsalat.de\/verein\/wp-json\/wp\/v2\/pages\/15"}],"wp:attachment":[{"href":"https:\/\/www.plattsalat.de\/verein\/wp-json\/wp\/v2\/media?parent=18"}],"curies":[{"name":"wp","href":"https:\/\/api.w.org\/{rel}","templated":true}]}}