{"id":27,"date":"2018-08-05T19:08:32","date_gmt":"2018-08-05T17:08:32","guid":{"rendered":"https:\/\/www.plattsalat.de\/verein\/?page_id=27"},"modified":"2020-10-18T19:53:56","modified_gmt":"2020-10-18T17:53:56","slug":"ziele-und-struktur","status":"publish","type":"page","link":"https:\/\/www.plattsalat.de\/verein\/verein\/ziele-und-struktur\/","title":{"rendered":"Ziele und Struktur"},"content":{"rendered":"<p><img loading=\"lazy\" decoding=\"async\" class=\"alignnone wp-image-409 size-large\" src=\"https:\/\/www.plattsalat.de\/verein\/wp-content\/uploads\/sites\/2\/2020\/10\/eine-andere-welt-ist-m\u00f6glich_Entwurf-f\u00fcr-Indesign-1030x364.jpg\" alt=\"\" width=\"1030\" height=\"364\" srcset=\"https:\/\/www.plattsalat.de\/verein\/wp-content\/uploads\/sites\/2\/2020\/10\/eine-andere-welt-ist-m\u00f6glich_Entwurf-f\u00fcr-Indesign-1030x364.jpg 1030w, https:\/\/www.plattsalat.de\/verein\/wp-content\/uploads\/sites\/2\/2020\/10\/eine-andere-welt-ist-m\u00f6glich_Entwurf-f\u00fcr-Indesign-300x106.jpg 300w, https:\/\/www.plattsalat.de\/verein\/wp-content\/uploads\/sites\/2\/2020\/10\/eine-andere-welt-ist-m\u00f6glich_Entwurf-f\u00fcr-Indesign-768x272.jpg 768w, https:\/\/www.plattsalat.de\/verein\/wp-content\/uploads\/sites\/2\/2020\/10\/eine-andere-welt-ist-m\u00f6glich_Entwurf-f\u00fcr-Indesign-1536x543.jpg 1536w, https:\/\/www.plattsalat.de\/verein\/wp-content\/uploads\/sites\/2\/2020\/10\/eine-andere-welt-ist-m\u00f6glich_Entwurf-f\u00fcr-Indesign-2048x724.jpg 2048w, https:\/\/www.plattsalat.de\/verein\/wp-content\/uploads\/sites\/2\/2020\/10\/eine-andere-welt-ist-m\u00f6glich_Entwurf-f\u00fcr-Indesign-1500x530.jpg 1500w, https:\/\/www.plattsalat.de\/verein\/wp-content\/uploads\/sites\/2\/2020\/10\/eine-andere-welt-ist-m\u00f6glich_Entwurf-f\u00fcr-Indesign-705x249.jpg 705w, https:\/\/www.plattsalat.de\/verein\/wp-content\/uploads\/sites\/2\/2020\/10\/eine-andere-welt-ist-m\u00f6glich_Entwurf-f\u00fcr-Indesign-450x159.jpg 450w\" sizes=\"auto, (max-width: 1030px) 100vw, 1030px\" \/><\/p>\n<h2>Mit plattsalat m\u00f6chten wir diese Ziele erreichen<\/h2>\n<ul>\n<li>wir wollen, dass Mitglieder bestimmen wie es in ihrem Laden l\u00e4uft<\/li>\n<li>wir wollen aktive Mitglieder, die sich um ihren Laden, ihren Einkauf und um dessen Herk\u00fcnfte k\u00fcmmern<\/li>\n<li>wir wollen faire Preise und Arbeitsbedingungen in der gesamten Handelskette, vom Erzeuger bis zum Verbraucher<\/li>\n<li>wir wollen eine \u00f6kologische Produktion und gesunde Produkte, die nicht voll von Giften stecken<\/li>\n<li>wir wollen auch \u00e4rmeren Menschen erm\u00f6glichen Bioprodukte zu kaufen<\/li>\n<li>wir wollen eine Gesellschaft, die ebenfalls daran arbeitet, dass diese Ziele Realit\u00e4t werden<\/li>\n<\/ul>\n<p><img loading=\"lazy\" decoding=\"async\" class=\"alignnone wp-image-406 size-large\" src=\"https:\/\/www.plattsalat.de\/verein\/wp-content\/uploads\/sites\/2\/2020\/10\/12-Tischdeckenergebnisse-1030x482.jpg\" alt=\"\" width=\"1030\" height=\"482\" srcset=\"https:\/\/www.plattsalat.de\/verein\/wp-content\/uploads\/sites\/2\/2020\/10\/12-Tischdeckenergebnisse-1030x482.jpg 1030w, https:\/\/www.plattsalat.de\/verein\/wp-content\/uploads\/sites\/2\/2020\/10\/12-Tischdeckenergebnisse-300x140.jpg 300w, https:\/\/www.plattsalat.de\/verein\/wp-content\/uploads\/sites\/2\/2020\/10\/12-Tischdeckenergebnisse-768x359.jpg 768w, https:\/\/www.plattsalat.de\/verein\/wp-content\/uploads\/sites\/2\/2020\/10\/12-Tischdeckenergebnisse-1536x718.jpg 1536w, https:\/\/www.plattsalat.de\/verein\/wp-content\/uploads\/sites\/2\/2020\/10\/12-Tischdeckenergebnisse-2048x958.jpg 2048w, https:\/\/www.plattsalat.de\/verein\/wp-content\/uploads\/sites\/2\/2020\/10\/12-Tischdeckenergebnisse-1500x701.jpg 1500w, https:\/\/www.plattsalat.de\/verein\/wp-content\/uploads\/sites\/2\/2020\/10\/12-Tischdeckenergebnisse-705x330.jpg 705w, https:\/\/www.plattsalat.de\/verein\/wp-content\/uploads\/sites\/2\/2020\/10\/12-Tischdeckenergebnisse-450x210.jpg 450w\" sizes=\"auto, (max-width: 1030px) 100vw, 1030px\" \/><\/p>\n<p>Dazu haben wir uns eine Struktur gegeben, die etwas komplex ist, die aber f\u00fcr uns sehr gut geeignet ist, um diese Ziele zu verfolgen:<\/p>\n<div id=\"attachment_411\" style=\"width: 372px\" class=\"wp-caption alignleft\"><img loading=\"lazy\" decoding=\"async\" aria-describedby=\"caption-attachment-411\" class=\"wp-image-411 size-full\" src=\"https:\/\/www.plattsalat.de\/verein\/wp-content\/uploads\/sites\/2\/2020\/10\/01-Ziele-Fragen-kc.jpg\" alt=\"\" width=\"362\" height=\"212\" srcset=\"https:\/\/www.plattsalat.de\/verein\/wp-content\/uploads\/sites\/2\/2020\/10\/01-Ziele-Fragen-kc.jpg 362w, https:\/\/www.plattsalat.de\/verein\/wp-content\/uploads\/sites\/2\/2020\/10\/01-Ziele-Fragen-kc-300x176.jpg 300w\" sizes=\"auto, (max-width: 362px) 100vw, 362px\" \/><p id=\"caption-attachment-411\" class=\"wp-caption-text\">Aus der Diskussion zur Umstrukturierung vom reinen Verein zur jetzigen Struktur<\/p><\/div>\n<p>Als Dach aus allen Mitgliedern und \u00fcber alle L\u00e4den hinweg gibt es den Verein plattsalat e.V. In diesem sind alle Mitglieder aus allen L\u00e4den und auch weitere Mitglieder, die nur im Verein Mitglied sind. Der Verein besitzt mehrere Unternehmergesellschaften (UG), sogenannte Mini-GmbHs, die jeweils einen Laden betreiben. F\u00fcr die L\u00e4den gibt es eine ausget\u00fcftelte Satzung, die sicherstellt, dass die jeweiligen Ladenmitglieder das letzte Wort bei strategischen Entscheidungen haben. So k\u00f6nnen die Mitglieder jedes Ladens \u00fcber ihren Laden entscheiden und m\u00fcssen keine Sorge haben, dass sie von m\u00f6glichen Fehlentscheidungen eines anderen Ladens stark betroffen werden oder gar pleite gehen k\u00f6nnten. Jeder Laden ist eben in einer eigenst\u00e4ndigen Mini-GmbH.<\/p>\n<p>Ein sehr \u00e4hnliches Rechtskonstrukt wird der Eine oder die Andere vom Mietsh\u00e4usersyndikat kennen, wo, sehr \u00e4hnlich, ein Hausverein eine GmbH besitzt und die Mitglieder des Hausvereins die Geschicke eines Hauses steuern &#8211; ohne dass sie dadurch Besitzer w\u00e4ren. So wie H\u00e4user im Mietsh\u00e4usersyndikat eine Art Wohnallmende darstellen, stellt unser Konzept eine Art Einkaufsallmende dar. Die jeweiligen Ladenmitglieder bestimmen dar\u00fcber wie alles l\u00e4uft, ohne Besitzer des Ladens zu sein.<\/p>\n<p>Der Verein, als Besitzer der Mini-GmbHs legt nur die gro\u00dfen Linien fest wie z.B. die oben genannten Ziele und mischt sich sonst nicht in die Arbeit der L\u00e4den ein.<\/p>\n<p>Nat\u00fcrlich ist der Verein nicht nur Ladenbesitzer, sondern ist vielf\u00e4ltig aktiv. Mehr dazu findet Ihr <strong><a href=\"https:\/\/www.plattsalat.de\/verein\/netzwerk-leben\/\">hier auf der Netzwerkseite<\/a><\/strong>.<\/p>\n","protected":false},"excerpt":{"rendered":"<p>Mit plattsalat m\u00f6chten wir diese Ziele erreichen wir wollen, dass Mitglieder bestimmen wie es in ihrem Laden l\u00e4uft wir wollen aktive Mitglieder, die sich um ihren Laden, ihren Einkauf und um dessen Herk\u00fcnfte k\u00fcmmern wir wollen faire Preise und Arbeitsbedingungen in der gesamten Handelskette, vom Erzeuger bis zum Verbraucher wir wollen eine \u00f6kologische Produktion und [&hellip;]<\/p>\n","protected":false},"author":1,"featured_media":0,"parent":15,"menu_order":50,"comment_status":"closed","ping_status":"closed","template":"","meta":{"footnotes":""},"class_list":["post-27","page","type-page","status-publish","hentry"],"_links":{"self":[{"href":"https:\/\/www.plattsalat.de\/verein\/wp-json\/wp\/v2\/pages\/27","targetHints":{"allow":["GET"]}}],"collection":[{"href":"https:\/\/www.plattsalat.de\/verein\/wp-json\/wp\/v2\/pages"}],"about":[{"href":"https:\/\/www.plattsalat.de\/verein\/wp-json\/wp\/v2\/types\/page"}],"author":[{"embeddable":true,"href":"https:\/\/www.plattsalat.de\/verein\/wp-json\/wp\/v2\/users\/1"}],"replies":[{"embeddable":true,"href":"https:\/\/www.plattsalat.de\/verein\/wp-json\/wp\/v2\/comments?post=27"}],"version-history":[{"count":6,"href":"https:\/\/www.plattsalat.de\/verein\/wp-json\/wp\/v2\/pages\/27\/revisions"}],"predecessor-version":[{"id":193,"href":"https:\/\/www.plattsalat.de\/verein\/wp-json\/wp\/v2\/pages\/27\/revisions\/193"}],"up":[{"embeddable":true,"href":"https:\/\/www.plattsalat.de\/verein\/wp-json\/wp\/v2\/pages\/15"}],"wp:attachment":[{"href":"https:\/\/www.plattsalat.de\/verein\/wp-json\/wp\/v2\/media?parent=27"}],"curies":[{"name":"wp","href":"https:\/\/api.w.org\/{rel}","templated":true}]}}

<p><img loading="lazy" decoding="async" class="alignnone wp-image-409 size-large" src="https://www.plattsalat.de/verein/wp-content/uploads/sites/2/2020/10/eine-andere-welt-ist-möglich_Entwurf-für-Indesign-1030x364.jpg" alt="" width="1030" height="364" srcset="https://www.plattsalat.de/verein/wp-content/uploads/sites/2/2020/10/eine-andere-welt-ist-möglich_Entwurf-für-Indesign-1030x364.jpg 1030w, https://www.plattsalat.de/verein/wp-content/uploads/sites/2/2020/10/eine-andere-welt-ist-möglich_Entwurf-für-Indesign-300x106.jpg 300w, https://www.plattsalat.de/verein/wp-content/uploads/sites/2/2020/10/eine-andere-welt-ist-möglich_Entwurf-für-Indesign-768x272.jpg 768w, https://www.plattsalat.de/verein/wp-content/uploads/sites/2/2020/10/eine-andere-welt-ist-möglich_Entwurf-für-Indesign-1536x543.jpg 1536w, https://www.plattsalat.de/verein/wp-content/uploads/sites/2/2020/10/eine-andere-welt-ist-möglich_Entwurf-für-Indesign-2048x724.jpg 2048w, https://www.plattsalat.de/verein/wp-content/uploads/sites/2/2020/10/eine-andere-welt-ist-möglich_Entwurf-für-Indesign-1500x530.jpg 1500w, https://www.plattsalat.de/verein/wp-content/uploads/sites/2/2020/10/eine-andere-welt-ist-möglich_Entwurf-für-Indesign-705x249.jpg 705w, https://www.plattsalat.de/verein/wp-content/uploads/sites/2/2020/10/eine-andere-welt-ist-möglich_Entwurf-für-Indesign-450x159.jpg 450w" sizes="auto, (max-width: 1030px) 100vw, 1030px" /></p>
<h2>Mit plattsalat möchten wir diese Ziele erreichen</h2>
<ul>
<li>wir wollen, dass Mitglieder bestimmen wie es in ihrem Laden läuft</li>
<li>wir wollen aktive Mitglieder, die sich um ihren Laden, ihren Einkauf und um dessen Herkünfte kümmern</li>
<li>wir wollen faire Preise und Arbeitsbedingungen in der gesamten Handelskette, vom Erzeuger bis zum Verbraucher</li>
<li>wir wollen eine ökologische Produktion und gesunde Produkte, die nicht voll von Giften stecken</li>
<li>wir wollen auch ärmeren Menschen ermöglichen Bioprodukte zu kaufen</li>
<li>wir wollen eine Gesellschaft, die ebenfalls daran arbeitet, dass diese Ziele Realität werden</li>
</ul>
<p><img loading="lazy" decoding="async" class="alignnone wp-image-406 size-large" src="https://www.plattsalat.de/verein/wp-content/uploads/sites/2/2020/10/12-Tischdeckenergebnisse-1030x482.jpg" alt="" width="1030" height="482" srcset="https://www.plattsalat.de/verein/wp-content/uploads/sites/2/2020/10/12-Tischdeckenergebnisse-1030x482.jpg 1030w, https://www.plattsalat.de/verein/wp-content/uploads/sites/2/2020/10/12-Tischdeckenergebnisse-300x140.jpg 300w, https://www.plattsalat.de/verein/wp-content/uploads/sites/2/2020/10/12-Tischdeckenergebnisse-768x359.jpg 768w, https://www.plattsalat.de/verein/wp-content/uploads/sites/2/2020/10/12-Tischdeckenergebnisse-1536x718.jpg 1536w, https://www.plattsalat.de/verein/wp-content/uploads/sites/2/2020/10/12-Tischdeckenergebnisse-2048x958.jpg 2048w, https://www.plattsalat.de/verein/wp-content/uploads/sites/2/2020/10/12-Tischdeckenergebnisse-1500x701.jpg 1500w, https://www.plattsalat.de/verein/wp-content/uploads/sites/2/2020/10/12-Tischdeckenergebnisse-705x330.jpg 705w, https://www.plattsalat.de/verein/wp-content/uploads/sites/2/2020/10/12-Tischdeckenergebnisse-450x210.jpg 450w" sizes="auto, (max-width: 1030px) 100vw, 1030px" /></p>
<p>Dazu haben wir uns eine Struktur gegeben, die etwas komplex ist, die aber für uns sehr gut geeignet ist, um diese Ziele zu verfolgen:</p>
<div id="attachment_411" style="width: 372px" class="wp-caption alignleft"><img loading="lazy" decoding="async" aria-describedby="caption-attachment-411" class="wp-image-411 size-full" src="https://www.plattsalat.de/verein/wp-content/uploads/sites/2/2020/10/01-Ziele-Fragen-kc.jpg" alt="" width="362" height="212" srcset="https://www.plattsalat.de/verein/wp-content/uploads/sites/2/2020/10/01-Ziele-Fragen-kc.jpg 362w, https://www.plattsalat.de/verein/wp-content/uploads/sites/2/2020/10/01-Ziele-Fragen-kc-300x176.jpg 300w" sizes="auto, (max-width: 362px) 100vw, 362px" /><p id="caption-attachment-411" class="wp-caption-text">Aus der Diskussion zur Umstrukturierung vom reinen Verein zur jetzigen Struktur</p></div>
<p>Als Dach aus allen Mitgliedern und über alle Läden hinweg gibt es den Verein plattsalat e.V. In diesem sind alle Mitglieder aus allen Läden und auch weitere Mitglieder, die nur im Verein Mitglied sind. Der Verein besitzt mehrere Unternehmergesellschaften (UG), sogenannte Mini-GmbHs, die jeweils einen Laden betreiben. Für die Läden gibt es eine ausgetüftelte Satzung, die sicherstellt, dass die jeweiligen Ladenmitglieder das letzte Wort bei strategischen Entscheidungen haben. So können die Mitglieder jedes Ladens über ihren Laden entscheiden und müssen keine Sorge haben, dass sie von möglichen Fehlentscheidungen eines anderen Ladens stark betroffen werden oder gar pleite gehen könnten. Jeder Laden ist eben in einer eigenständigen Mini-GmbH.</p>
<p>Ein sehr ähnliches Rechtskonstrukt wird der Eine oder die Andere vom Mietshäusersyndikat kennen, wo, sehr ähnlich, ein Hausverein eine GmbH besitzt und die Mitglieder des Hausvereins die Geschicke eines Hauses steuern &#8211; ohne dass sie dadurch Besitzer wären. So wie Häuser im Mietshäusersyndikat eine Art Wohnallmende darstellen, stellt unser Konzept eine Art Einkaufsallmende dar. Die jeweiligen Ladenmitglieder bestimmen darüber wie alles läuft, ohne Besitzer des Ladens zu sein.</p>
<p>Der Verein, als Besitzer der Mini-GmbHs legt nur die großen Linien fest wie z.B. die oben genannten Ziele und mischt sich sonst nicht in die Arbeit der Läden ein.</p>
<p>Natürlich ist der Verein nicht nur Ladenbesitzer, sondern ist vielfältig aktiv. Mehr dazu findet Ihr <strong><a href="https://www.plattsalat.de/verein/netzwerk-leben/">hier auf der Netzwerkseite</a></strong>.</p>

<p>Mit plattsalat möchten wir diese Ziele erreichen wir wollen, dass Mitglieder bestimmen wie es in ihrem Laden läuft wir wollen aktive Mitglieder, die sich um ihren Laden, ihren Einkauf und um dessen Herkünfte kümmern wir wollen faire Preise und Arbeitsbedingungen in der gesamten Handelskette, vom Erzeuger bis zum Verbraucher wir wollen eine ökologische Produktion und [&hellip;]</p>
